Last updated on 2024-05-04 12:47:50 CEST.
Flavor | Version | Tinstall | Tcheck | Ttotal | Status | Flags |
---|---|---|---|---|---|---|
r-devel-linux-x86_64-debian-clang | 1.0.1 | 18.33 | 119.56 | 137.89 | OK | |
r-devel-linux-x86_64-debian-gcc | 1.0.1 | 16.08 | 89.59 | 105.67 | OK | |
r-devel-linux-x86_64-fedora-clang | 1.0.1 | 172.60 | NOTE | |||
r-devel-linux-x86_64-fedora-gcc | 1.0.1 | 191.81 | NOTE | |||
r-devel-windows-x86_64 | 1.0.1 | 16.00 | 102.00 | 118.00 | OK | |
r-patched-linux-x86_64 | 1.0.1 | 15.28 | 116.42 | 131.70 | OK | |
r-release-linux-x86_64 | 1.0.1 | 13.06 | 116.71 | 129.77 | OK | |
r-release-macos-arm64 | 1.0.1 | 55.00 | OK | |||
r-release-windows-x86_64 | 1.0.1 | 17.00 | 101.00 | 118.00 | OK | |
r-oldrel-macos-arm64 | 1.0.1 | 62.00 | OK | |||
r-oldrel-macos-x86_64 | 1.0.1 | 96.00 | OK | |||
r-oldrel-windows-x86_64 | 1.0.1 | 21.00 | 122.00 | 143.00 | OK |
Version: 1.0.1
Check: dependencies in R code
Result: NOTE
Namespaces in Imports field not imported from:
‘devtools’ ‘mixexp’
All declared Imports should be used.
Flavors: r-devel-linux-x86_64-fedora-clang, r-devel-linux-x86_64-fedora-gcc