Last updated on 2024-05-04 12:47:50 CEST.
Flavor | Version | Tinstall | Tcheck | Ttotal | Status | Flags |
---|---|---|---|---|---|---|
r-devel-linux-x86_64-debian-clang | 0.1.1 | 15.06 | 125.47 | 140.53 | NOTE | |
r-devel-linux-x86_64-debian-gcc | 0.1.1 | 9.80 | 93.61 | 103.41 | NOTE | |
r-devel-linux-x86_64-fedora-clang | 0.1.1 | 174.86 | NOTE | |||
r-devel-linux-x86_64-fedora-gcc | 0.1.1 | 195.95 | NOTE | |||
r-devel-windows-x86_64 | 0.1.1 | 12.00 | 120.00 | 132.00 | NOTE | |
r-patched-linux-x86_64 | 0.1.1 | 7.81 | 119.95 | 127.76 | NOTE | |
r-release-linux-x86_64 | 0.1.1 | 9.90 | 117.93 | 127.83 | NOTE | |
r-release-macos-arm64 | 0.1.1 | 55.00 | NOTE | |||
r-release-windows-x86_64 | 0.1.1 | 12.00 | 104.00 | 116.00 | NOTE | |
r-oldrel-macos-arm64 | 0.1.1 | 61.00 | NOTE | |||
r-oldrel-macos-x86_64 | 0.1.1 | 86.00 | NOTE | |||
r-oldrel-windows-x86_64 | 0.1.1 | 16.00 | 126.00 | 142.00 | NOTE |
Version: 0.1.1
Check: package subdirectories
Result: NOTE
Problems with news in ‘NEWS.md’:
No news entries found.
Flavors: r-devel-linux-x86_64-debian-clang, r-devel-linux-x86_64-debian-gcc, r-devel-linux-x86_64-fedora-clang, r-devel-linux-x86_64-fedora-gcc, r-devel-windows-x86_64, r-patched-linux-x86_64, r-release-linux-x86_64, r-release-macos-arm64, r-release-windows-x86_64, r-oldrel-macos-arm64, r-oldrel-macos-x86_64, r-oldrel-windows-x86_64
Version: 0.1.1
Check: dependencies in R code
Result: NOTE
Namespace in Imports field not imported from: ‘tidyr’
All declared Imports should be used.
Flavors: r-devel-linux-x86_64-fedora-clang, r-devel-linux-x86_64-fedora-gcc