Last updated on 2024-05-06 00:52:33 CEST.
Flavor | Version | Tinstall | Tcheck | Ttotal | Status | Flags |
---|---|---|---|---|---|---|
r-devel-linux-x86_64-debian-clang | 0.2.0 | 14.46 | 127.22 | 141.68 | NOTE | |
r-devel-linux-x86_64-debian-gcc | 0.2.0 | 11.36 | 93.95 | 105.31 | NOTE | |
r-devel-linux-x86_64-fedora-clang | 0.2.0 | 178.03 | NOTE | |||
r-devel-linux-x86_64-fedora-gcc | 0.2.0 | 190.31 | NOTE | |||
r-devel-windows-x86_64 | 0.2.0 | 13.00 | 100.00 | 113.00 | NOTE | |
r-patched-linux-x86_64 | 0.2.0 | 14.65 | 123.58 | 138.23 | NOTE | |
r-release-linux-x86_64 | 0.2.0 | 9.81 | 121.66 | 131.47 | NOTE | |
r-release-macos-arm64 | 0.2.0 | 50.00 | NOTE | |||
r-release-windows-x86_64 | 0.2.0 | 14.00 | 103.00 | 117.00 | NOTE | |
r-oldrel-macos-arm64 | 0.2.0 | 50.00 | NOTE | |||
r-oldrel-macos-x86_64 | 0.2.0 | 89.00 | NOTE | |||
r-oldrel-windows-x86_64 | 0.2.0 | 16.00 | 124.00 | 140.00 | NOTE |
Version: 0.2.0
Check: LazyData
Result: NOTE
'LazyData' is specified without a 'data' directory
Flavors: r-devel-linux-x86_64-debian-clang, r-devel-linux-x86_64-debian-gcc, r-devel-linux-x86_64-fedora-clang, r-devel-linux-x86_64-fedora-gcc, r-devel-windows-x86_64, r-patched-linux-x86_64, r-release-linux-x86_64, r-release-macos-arm64, r-release-windows-x86_64, r-oldrel-macos-arm64, r-oldrel-macos-x86_64, r-oldrel-windows-x86_64