Last updated on 2024-05-07 12:56:02 CEST.
Flavor | Version | Tinstall | Tcheck | Ttotal | Status | Flags |
---|---|---|---|---|---|---|
r-devel-linux-x86_64-debian-clang | 1.0 | 35.52 | 34.25 | 69.77 | OK | |
r-devel-linux-x86_64-debian-gcc | 1.0 | 27.97 | 26.61 | 54.58 | OK | |
r-devel-linux-x86_64-fedora-clang | 1.0 | 95.79 | OK | |||
r-devel-linux-x86_64-fedora-gcc | 1.0 | 102.97 | OK | |||
r-devel-windows-x86_64 | 1.0 | 29.00 | 69.00 | 98.00 | OK | |
r-patched-linux-x86_64 | 1.0 | 37.48 | 34.30 | 71.78 | OK | |
r-release-linux-x86_64 | 1.0 | 30.54 | 34.04 | 64.58 | OK | |
r-release-macos-arm64 | 1.0 | 28.00 | NOTE | |||
r-release-windows-x86_64 | 1.0 | 28.00 | 68.00 | 96.00 | OK | |
r-oldrel-macos-arm64 | 1.0 | 32.00 | NOTE | |||
r-oldrel-macos-x86_64 | 1.0 | 46.00 | NOTE | |||
r-oldrel-windows-x86_64 | 1.0 | 35.00 | 75.00 | 110.00 | OK |
Version: 1.0
Check: installed package size
Result: NOTE
installed size is 8.8Mb
sub-directories of 1Mb or more:
libs 8.7Mb
Flavors: r-release-macos-arm64, r-oldrel-macos-arm64, r-oldrel-macos-x86_64