Last updated on 2024-05-07 01:53:04 CEST.
Flavor | Version | Tinstall | Tcheck | Ttotal | Status | Flags |
---|---|---|---|---|---|---|
r-devel-linux-x86_64-debian-clang | 0.3.11 | 88.81 | 160.68 | 249.49 | NOTE | |
r-devel-linux-x86_64-debian-gcc | 0.3.11 | 79.34 | 117.07 | 196.41 | NOTE | |
r-devel-linux-x86_64-fedora-clang | 0.3.11 | 310.83 | OK | |||
r-devel-linux-x86_64-fedora-gcc | 0.3.11 | 334.66 | OK | |||
r-devel-windows-x86_64 | 0.3.11 | 69.00 | 153.00 | 222.00 | OK | |
r-patched-linux-x86_64 | 0.3.11 | 101.18 | 150.29 | 251.47 | NOTE | |
r-release-linux-x86_64 | 0.3.11 | 75.59 | 149.09 | 224.68 | NOTE | |
r-release-macos-arm64 | 0.3.11 | 80.00 | NOTE | |||
r-release-windows-x86_64 | 0.3.11 | 67.00 | 166.00 | 233.00 | OK | |
r-oldrel-macos-arm64 | 0.3.11 | 83.00 | NOTE | |||
r-oldrel-macos-x86_64 | 0.3.11 | 147.00 | NOTE | |||
r-oldrel-windows-x86_64 | 0.3.11 | 85.00 | 189.00 | 274.00 | NOTE |
Version: 0.3.11
Check: package dependencies
Result: NOTE
Package suggested but not available for checking: ‘INLA’
Flavors: r-devel-linux-x86_64-debian-clang, r-devel-linux-x86_64-debian-gcc, r-patched-linux-x86_64, r-release-linux-x86_64, r-release-macos-arm64, r-oldrel-macos-arm64, r-oldrel-macos-x86_64, r-oldrel-windows-x86_64
Version: 0.3.11
Check: installed package size
Result: NOTE
installed size is 17.0Mb
sub-directories of 1Mb or more:
libs 16.6Mb
Flavors: r-release-macos-arm64, r-oldrel-macos-arm64, r-oldrel-macos-x86_64