Last updated on 2024-05-08 00:49:41 CEST.
Flavor | Version | Tinstall | Tcheck | Ttotal | Status | Flags |
---|---|---|---|---|---|---|
r-devel-linux-x86_64-debian-clang | 3.0.2 | 122.76 | 314.40 | 437.16 | OK | |
r-devel-linux-x86_64-debian-gcc | 3.0.2 | 105.90 | 239.47 | 345.37 | OK | |
r-devel-linux-x86_64-fedora-clang | 3.0.2 | 573.14 | OK | |||
r-devel-linux-x86_64-fedora-gcc | 3.0.2 | 590.21 | OK | |||
r-devel-windows-x86_64 | 3.0.2 | 103.00 | 140.00 | 243.00 | OK | --no-examples --no-tests --no-vignettes |
r-patched-linux-x86_64 | 3.0.2 | 93.85 | 312.82 | 406.67 | OK | |
r-release-linux-x86_64 | 3.0.2 | 107.54 | 304.82 | 412.36 | OK | |
r-release-macos-arm64 | 3.0.2 | 137.00 | NOTE | |||
r-release-macos-x86_64 | 3.0.2 | 285.00 | NOTE | |||
r-release-windows-x86_64 | 3.0.2 | 102.00 | 151.00 | 253.00 | OK | --no-examples --no-tests --no-vignettes |
r-oldrel-macos-arm64 | 3.0.2 | 138.00 | NOTE | |||
r-oldrel-macos-x86_64 | 3.0.2 | 311.00 | NOTE | |||
r-oldrel-windows-x86_64 | 3.0.2 | 128.00 | 138.00 | 266.00 | OK | --no-examples --no-tests --no-vignettes |
Version: 3.0.2
Check: installed package size
Result: NOTE
installed size is 8.3Mb
sub-directories of 1Mb or more:
libs 6.9Mb
Flavors: r-release-macos-arm64, r-release-macos-x86_64, r-oldrel-macos-arm64, r-oldrel-macos-x86_64