Last updated on 2024-04-27 12:48:06 CEST.
Flavor | Version | Tinstall | Tcheck | Ttotal | Status | Flags |
---|---|---|---|---|---|---|
r-devel-linux-x86_64-debian-clang | 1.0.3 | 9.46 | 27.47 | 36.93 | NOTE | |
r-devel-linux-x86_64-debian-gcc | 1.0.3 | 6.50 | 20.50 | 27.00 | NOTE | |
r-devel-linux-x86_64-fedora-clang | 1.0.3 | 50.12 | NOTE | |||
r-devel-linux-x86_64-fedora-gcc | 1.0.3 | 45.40 | NOTE | |||
r-devel-windows-x86_64 | 1.0.3 | 10.00 | 48.00 | 58.00 | NOTE | |
r-patched-linux-x86_64 | 1.0.3 | 10.46 | 25.53 | 35.99 | OK | |
r-release-linux-x86_64 | 1.0.3 | 8.27 | 25.88 | 34.15 | OK | |
r-release-macos-arm64 | 1.0.3 | 17.00 | OK | |||
r-release-windows-x86_64 | 1.0.3 | 9.00 | 47.00 | 56.00 | OK | |
r-oldrel-macos-arm64 | 1.0.3 | 17.00 | OK | |||
r-oldrel-macos-x86_64 | 1.0.3 | 26.00 | OK | |||
r-oldrel-windows-x86_64 | 1.0.3 | 9.00 | 48.00 | 57.00 | OK |
Version: 1.0.3
Check: compiled code
Result: NOTE
File ‘CMF/libs/CMF.so’:
Found non-API calls to R: ‘SETLENGTH’, ‘SET_TRUELENGTH’
Compiled code should not call non-API entry points in R.
See ‘Writing portable packages’ in the ‘Writing R Extensions’ manual.
Flavors: r-devel-linux-x86_64-debian-clang, r-devel-linux-x86_64-debian-gcc, r-devel-linux-x86_64-fedora-clang, r-devel-linux-x86_64-fedora-gcc
Version: 1.0.3
Check: compiled code
Result: NOTE
File 'CMF/libs/x64/CMF.dll':
Found non-API calls to R: 'SETLENGTH', 'SET_TRUELENGTH'
Compiled code should not call non-API entry points in R.
See 'Writing portable packages' in the 'Writing R Extensions' manual.
Flavor: r-devel-windows-x86_64