Last updated on 2024-07-18 01:55:28 CEST.
Flavor | Version | Tinstall | Tcheck | Ttotal | Status | Flags |
---|---|---|---|---|---|---|
r-devel-linux-x86_64-debian-clang | 1.2.7 | 11.15 | 111.08 | 122.23 | OK | |
r-devel-linux-x86_64-debian-gcc | 1.2.7 | 8.25 | 80.21 | 88.46 | OK | |
r-devel-linux-x86_64-fedora-clang | 1.2.7 | 158.56 | NOTE | |||
r-devel-linux-x86_64-fedora-gcc | 1.2.7 | 152.81 | OK | |||
r-devel-windows-x86_64 | 1.2.7 | 11.00 | 124.00 | 135.00 | OK | |
r-patched-linux-x86_64 | 1.2.7 | 10.83 | 104.28 | 115.11 | OK | |
r-release-linux-x86_64 | 1.2.7 | 10.88 | 105.88 | 116.76 | OK | |
r-release-macos-arm64 | 1.2.7 | 49.00 | OK | |||
r-release-macos-x86_64 | 1.2.7 | 79.00 | OK | |||
r-release-windows-x86_64 | 1.2.7 | 12.00 | 125.00 | 137.00 | OK | |
r-oldrel-macos-arm64 | 1.2.7 | 52.00 | OK | |||
r-oldrel-macos-x86_64 | 1.2.7 | 83.00 | OK | |||
r-oldrel-windows-x86_64 | 1.2.7 | 15.00 | 136.00 | 151.00 | OK |
Version: 1.2.7
Check: Rd cross-references
Result: NOTE
Undeclared package ‘copula’ in Rd xrefs
Flavor: r-devel-linux-x86_64-fedora-clang