Last updated on 2024-05-04 12:47:54 CEST.
Flavor | Version | Tinstall | Tcheck | Ttotal | Status | Flags |
---|---|---|---|---|---|---|
r-devel-linux-x86_64-debian-clang | 1.1.2 | 222.38 | 314.90 | 537.28 | NOTE | |
r-devel-linux-x86_64-debian-gcc | 1.1.2 | 161.37 | 253.42 | 414.79 | NOTE | |
r-devel-linux-x86_64-fedora-clang | 1.1.2 | 721.42 | NOTE | |||
r-devel-linux-x86_64-fedora-gcc | 1.1.2 | 713.00 | NOTE | |||
r-devel-windows-x86_64 | 1.1.2 | 166.00 | 267.00 | 433.00 | NOTE | |
r-patched-linux-x86_64 | 1.1.2 | 213.66 | 300.77 | 514.43 | NOTE | |
r-release-linux-x86_64 | 1.1.2 | 198.56 | 312.31 | 510.87 | NOTE | |
r-release-macos-arm64 | 1.1.2 | 155.00 | NOTE | |||
r-release-windows-x86_64 | 1.1.2 | 154.00 | 268.00 | 422.00 | NOTE | |
r-oldrel-macos-arm64 | 1.1.2 | 180.00 | NOTE | |||
r-oldrel-macos-x86_64 | 1.1.2 | 337.00 | NOTE | |||
r-oldrel-windows-x86_64 | 1.1.2 | 197.00 | 342.00 | 539.00 | NOTE |
Version: 1.1.2
Check: C++ specification
Result: NOTE
Specified C++11: please drop specification unless essential
Flavors: r-devel-linux-x86_64-debian-clang, r-devel-linux-x86_64-debian-gcc, r-devel-linux-x86_64-fedora-clang, r-devel-linux-x86_64-fedora-gcc, r-devel-windows-x86_64, r-patched-linux-x86_64, r-release-linux-x86_64, r-release-macos-arm64, r-release-windows-x86_64, r-oldrel-macos-arm64, r-oldrel-macos-x86_64, r-oldrel-windows-x86_64
Version: 1.1.2
Check: Rd files
Result: NOTE
checkRd: (-1) kernel.assign.Rd:27: Lost braces; missing escapes or markup?
27 | {q = [0, 1]}. Kernels are of the Müller-Wang type ("MW"), Müller type ("M")
| ^
Flavors: r-devel-linux-x86_64-debian-clang, r-devel-linux-x86_64-debian-gcc, r-devel-linux-x86_64-fedora-clang, r-devel-linux-x86_64-fedora-gcc, r-devel-windows-x86_64, r-patched-linux-x86_64, r-release-linux-x86_64, r-release-macos-arm64, r-release-windows-x86_64
Version: 1.1.2
Check: installed package size
Result: NOTE
installed size is 7.8Mb
sub-directories of 1Mb or more:
data 1.9Mb
libs 5.2Mb
Flavors: r-release-macos-arm64, r-oldrel-macos-arm64, r-oldrel-macos-x86_64