Last updated on 2024-07-18 01:55:29 CEST.
Flavor | Version | Tinstall | Tcheck | Ttotal | Status | Flags |
---|---|---|---|---|---|---|
r-devel-linux-x86_64-debian-clang | 0.2-4 | 76.52 | 89.38 | 165.90 | NOTE | |
r-devel-linux-x86_64-debian-gcc | 0.2-4 | 54.65 | 64.51 | 119.16 | NOTE | |
r-devel-linux-x86_64-fedora-clang | 0.2-4 | 247.96 | NOTE | |||
r-devel-linux-x86_64-fedora-gcc | 0.2-4 | 240.33 | NOTE | |||
r-devel-windows-x86_64 | 0.2-4 | 63.00 | 106.00 | 169.00 | NOTE | |
r-patched-linux-x86_64 | 0.2-4 | 62.56 | 83.40 | 145.96 | NOTE | |
r-release-linux-x86_64 | 0.2-4 | 64.91 | 83.99 | 148.90 | NOTE | |
r-release-macos-arm64 | 0.2-4 | 61.00 | NOTE | |||
r-release-macos-x86_64 | 0.2-4 | 101.00 | NOTE | |||
r-release-windows-x86_64 | 0.2-4 | 64.00 | 108.00 | 172.00 | NOTE | |
r-oldrel-macos-arm64 | 0.2-4 | 65.00 | NOTE | |||
r-oldrel-macos-x86_64 | 0.2-4 | 91.00 | NOTE | |||
r-oldrel-windows-x86_64 | 0.2-4 | 77.00 | 127.00 | 204.00 | NOTE |
Version: 0.2-4
Check: C++ specification
Result: NOTE
Specified C++11: please drop specification unless essential
Flavors: r-devel-linux-x86_64-debian-clang, r-devel-linux-x86_64-debian-gcc, r-devel-linux-x86_64-fedora-clang, r-devel-linux-x86_64-fedora-gcc, r-devel-windows-x86_64, r-patched-linux-x86_64, r-release-linux-x86_64, r-release-macos-arm64, r-release-macos-x86_64, r-release-windows-x86_64, r-oldrel-macos-arm64, r-oldrel-macos-x86_64, r-oldrel-windows-x86_64
Version: 0.2-4
Check: for GNU extensions in Makefiles
Result: NOTE
GNU make is a SystemRequirements.
Flavors: r-devel-linux-x86_64-debian-clang, r-devel-linux-x86_64-debian-gcc, r-devel-linux-x86_64-fedora-clang, r-devel-linux-x86_64-fedora-gcc, r-devel-windows-x86_64, r-patched-linux-x86_64, r-release-linux-x86_64, r-release-macos-arm64, r-release-macos-x86_64, r-release-windows-x86_64, r-oldrel-macos-arm64, r-oldrel-windows-x86_64