Last updated on 2024-05-07 01:53:10 CEST.
Flavor | Version | Tinstall | Tcheck | Ttotal | Status | Flags |
---|---|---|---|---|---|---|
r-devel-linux-x86_64-debian-clang | 0.1.0 | 0.38 | 2.17 | 2.55 | ERROR | |
r-devel-linux-x86_64-debian-gcc | 0.1.0 | 44.15 | 356.31 | 400.46 | OK | |
r-devel-linux-x86_64-fedora-clang | 0.1.0 | 744.95 | OK | |||
r-devel-linux-x86_64-fedora-gcc | 0.1.0 | 652.07 | OK | |||
r-devel-windows-x86_64 | 0.1.0 | 48.00 | 335.00 | 383.00 | OK | |
r-patched-linux-x86_64 | 0.1.0 | 47.91 | 469.79 | 517.70 | OK | |
r-release-linux-x86_64 | 0.1.0 | 47.17 | 467.37 | 514.54 | OK | |
r-release-macos-arm64 | 0.1.0 | 168.00 | OK | |||
r-release-macos-x86_64 | 0.1.0 | 345.00 | OK | |||
r-release-windows-x86_64 | 0.1.0 | 48.00 | 325.00 | 373.00 | OK | |
r-oldrel-macos-arm64 | 0.1.0 | 158.00 | OK | |||
r-oldrel-macos-x86_64 | 0.1.0 | 280.00 | OK | |||
r-oldrel-windows-x86_64 | 0.1.0 | 64.00 | 438.00 | 502.00 | OK |
Version: 0.1.0
Check: package dependencies
Result: ERROR
Packages required but not available: 'MAST', 'SummarizedExperiment'
See section ‘The DESCRIPTION file’ in the ‘Writing R Extensions’
manual.
Flavor: r-devel-linux-x86_64-debian-clang