Last updated on 2024-05-04 12:47:55 CEST.
Flavor | Version | Tinstall | Tcheck | Ttotal | Status | Flags |
---|---|---|---|---|---|---|
r-devel-linux-x86_64-debian-clang | 1.0.2 | 0.55 | 2.41 | 2.96 | ERROR | |
r-devel-linux-x86_64-debian-gcc | 1.0.2 | 20.79 | 157.05 | 177.84 | OK | |
r-devel-linux-x86_64-fedora-clang | 1.0.2 | 319.76 | OK | |||
r-devel-linux-x86_64-fedora-gcc | 1.0.2 | 294.63 | OK | |||
r-devel-windows-x86_64 | 1.0.2 | 22.00 | 160.00 | 182.00 | OK | |
r-patched-linux-x86_64 | 1.0.2 | 17.47 | 206.57 | 224.04 | OK | |
r-release-linux-x86_64 | 1.0.2 | 22.89 | 205.52 | 228.41 | OK | |
r-release-macos-arm64 | 1.0.2 | 83.00 | OK | |||
r-release-macos-x86_64 | 1.0.2 | 176.00 | OK | |||
r-release-windows-x86_64 | 1.0.2 | 21.00 | 157.00 | 178.00 | OK | |
r-oldrel-macos-arm64 | 1.0.2 | 85.00 | OK | |||
r-oldrel-macos-x86_64 | 1.0.2 | 126.00 | OK | |||
r-oldrel-windows-x86_64 | 1.0.2 | 28.00 | 197.00 | 225.00 | OK |
Version: 1.0.2
Check: package dependencies
Result: ERROR
Package required but not available: ‘biomaRt’
See section ‘The DESCRIPTION file’ in the ‘Writing R Extensions’
manual.
Flavor: r-devel-linux-x86_64-debian-clang