Last updated on 2024-05-06 00:52:40 CEST.
Flavor | Version | Tinstall | Tcheck | Ttotal | Status | Flags |
---|---|---|---|---|---|---|
r-devel-linux-x86_64-debian-clang | 0.5.5 | 15.79 | 42.15 | 57.94 | NOTE | |
r-devel-linux-x86_64-debian-gcc | 0.5.5 | 12.62 | 32.09 | 44.71 | NOTE | |
r-devel-linux-x86_64-fedora-clang | 0.5.5 | 71.51 | NOTE | |||
r-devel-linux-x86_64-fedora-gcc | 0.5.5 | 83.78 | NOTE | |||
r-devel-windows-x86_64 | 0.5.5 | 2.00 | 5.00 | 7.00 | ERROR | |
r-patched-linux-x86_64 | 0.5.5 | 14.96 | 40.25 | 55.21 | NOTE | |
r-release-linux-x86_64 | 0.5.5 | 14.95 | 40.97 | 55.92 | NOTE | |
r-release-macos-arm64 | 0.5.5 | 34.00 | NOTE | |||
r-release-macos-x86_64 | 0.5.5 | 94.00 | NOTE | |||
r-release-windows-x86_64 | 0.5.5 | 37.00 | 58.00 | 95.00 | NOTE | |
r-oldrel-macos-arm64 | 0.5.5 | 35.00 | NOTE | |||
r-oldrel-macos-x86_64 | 0.5.5 | 89.00 | NOTE | |||
r-oldrel-windows-x86_64 | 0.5.5 | 40.00 | 62.00 | 102.00 | NOTE |
Version: 0.5.5
Check: for GNU extensions in Makefiles
Result: NOTE
GNU make is a SystemRequirements.
Flavors: r-devel-linux-x86_64-debian-clang, r-devel-linux-x86_64-debian-gcc, r-devel-linux-x86_64-fedora-clang, r-devel-linux-x86_64-fedora-gcc, r-patched-linux-x86_64, r-release-linux-x86_64, r-release-macos-arm64, r-release-macos-x86_64, r-release-windows-x86_64, r-oldrel-macos-arm64, r-oldrel-macos-x86_64, r-oldrel-windows-x86_64
Version: 0.5.5
Check: whether package can be installed
Result: ERROR
Installation failed.
Flavor: r-devel-windows-x86_64