Last updated on 2024-05-04 12:47:57 CEST.
Flavor | Version | Tinstall | Tcheck | Ttotal | Status | Flags |
---|---|---|---|---|---|---|
r-devel-linux-x86_64-debian-clang | 2.3.2 | 7.41 | 80.73 | 88.14 | NOTE | |
r-devel-linux-x86_64-debian-gcc | 2.3.2 | 7.63 | 58.04 | 65.67 | NOTE | |
r-devel-linux-x86_64-fedora-clang | 2.3.2 | 110.98 | NOTE | |||
r-devel-linux-x86_64-fedora-gcc | 2.3.2 | 105.21 | NOTE | |||
r-devel-windows-x86_64 | 2.3.2 | 10.00 | 83.00 | 93.00 | NOTE | |
r-patched-linux-x86_64 | 2.3.2 | 8.55 | 74.22 | 82.77 | NOTE | |
r-release-linux-x86_64 | 2.3.2 | 9.09 | 76.19 | 85.28 | NOTE | |
r-release-macos-arm64 | 2.3.2 | 30.00 | NOTE | |||
r-release-windows-x86_64 | 2.3.2 | 9.00 | 81.00 | 90.00 | NOTE | |
r-oldrel-macos-arm64 | 2.3.2 | 31.00 | OK | |||
r-oldrel-macos-x86_64 | 2.3.2 | 52.00 | OK | |||
r-oldrel-windows-x86_64 | 2.3.2 | 12.00 | 98.00 | 110.00 | OK |
Version: 2.3.2
Check: Rd files
Result: NOTE
checkRd: (-1) genmf.Rd:26: Lost braces; missing escapes or markup?
26 | \item 'gbellmf' is c(\code{a, b, c}), where \code{a} denotes the width, \code{b} is usually positive and {c} locates the center of the curve.
| ^
Flavors: r-devel-linux-x86_64-debian-clang, r-devel-linux-x86_64-debian-gcc, r-devel-linux-x86_64-fedora-clang, r-devel-linux-x86_64-fedora-gcc, r-devel-windows-x86_64, r-patched-linux-x86_64, r-release-linux-x86_64, r-release-macos-arm64, r-release-windows-x86_64