Last updated on 2024-05-07 01:53:15 CEST.
Flavor | Version | Tinstall | Tcheck | Ttotal | Status | Flags |
---|---|---|---|---|---|---|
r-devel-linux-x86_64-debian-clang | 0.1.7 | 143.05 | 73.89 | 216.94 | OK | |
r-devel-linux-x86_64-debian-gcc | 0.1.7 | 115.16 | 53.47 | 168.63 | OK | |
r-devel-linux-x86_64-fedora-clang | 0.1.7 | 338.51 | OK | |||
r-devel-linux-x86_64-fedora-gcc | 0.1.7 | 339.12 | OK | |||
r-devel-windows-x86_64 | 0.1.7 | 117.00 | 99.00 | 216.00 | OK | |
r-patched-linux-x86_64 | 0.1.7 | 132.10 | 69.16 | 201.26 | OK | |
r-release-linux-x86_64 | 0.1.7 | 150.89 | 70.70 | 221.59 | OK | |
r-release-macos-arm64 | 0.1.7 | 61.00 | NOTE | |||
r-release-macos-x86_64 | 0.1.7 | 146.00 | NOTE | |||
r-release-windows-x86_64 | 0.1.7 | 114.00 | 94.00 | 208.00 | OK | |
r-oldrel-macos-arm64 | 0.1.7 | 68.00 | NOTE | |||
r-oldrel-macos-x86_64 | 0.1.7 | 105.00 | NOTE | |||
r-oldrel-windows-x86_64 | 0.1.7 | 139.00 | 107.00 | 246.00 | OK |
Version: 0.1.7
Check: installed package size
Result: NOTE
installed size is 5.7Mb
sub-directories of 1Mb or more:
libs 5.2Mb
Flavors: r-release-macos-arm64, r-release-macos-x86_64, r-oldrel-macos-arm64, r-oldrel-macos-x86_64