Last updated on 2024-05-06 00:52:44 CEST.
Flavor | Version | Tinstall | Tcheck | Ttotal | Status | Flags |
---|---|---|---|---|---|---|
r-devel-linux-x86_64-debian-clang | 2.2 | 45.80 | 130.85 | 176.65 | NOTE | |
r-devel-linux-x86_64-debian-gcc | 2.2 | 31.57 | 92.52 | 124.09 | NOTE | |
r-devel-linux-x86_64-fedora-clang | 2.2 | 237.29 | NOTE | |||
r-devel-linux-x86_64-fedora-gcc | 2.2 | 229.25 | NOTE | |||
r-devel-windows-x86_64 | 2.2 | 35.00 | 113.00 | 148.00 | NOTE | |
r-patched-linux-x86_64 | 2.2 | 43.85 | 121.07 | 164.92 | NOTE | |
r-release-linux-x86_64 | 2.2 | 29.68 | 118.20 | 147.88 | NOTE | |
r-release-macos-arm64 | 2.2 | 56.00 | NOTE | |||
r-release-macos-x86_64 | 2.2 | 115.00 | NOTE | |||
r-release-windows-x86_64 | 2.2 | 34.00 | 114.00 | 148.00 | NOTE | |
r-oldrel-macos-arm64 | 2.2 | 55.00 | NOTE | |||
r-oldrel-macos-x86_64 | 2.2 | 90.00 | NOTE | |||
r-oldrel-windows-x86_64 | 2.2 | 43.00 | 143.00 | 186.00 | NOTE |
Version: 2.2
Check: C++ specification
Result: NOTE
Specified C++11: please drop specification unless essential
Flavors: r-devel-linux-x86_64-debian-clang, r-devel-linux-x86_64-debian-gcc, r-devel-linux-x86_64-fedora-clang, r-devel-linux-x86_64-fedora-gcc, r-devel-windows-x86_64, r-patched-linux-x86_64, r-release-linux-x86_64, r-release-macos-arm64, r-release-macos-x86_64, r-release-windows-x86_64, r-oldrel-macos-arm64, r-oldrel-macos-x86_64, r-oldrel-windows-x86_64
Version: 2.2
Check: HTML version of manual
Result: NOTE
Found the following HTML validation problems:
GWASinlps.html:187:1 (GWASinlps.Rd:99): Warning: trimming empty <h4>
Flavors: r-devel-linux-x86_64-debian-clang, r-devel-linux-x86_64-debian-gcc, r-devel-linux-x86_64-fedora-clang, r-devel-linux-x86_64-fedora-gcc, r-devel-windows-x86_64, r-patched-linux-x86_64, r-release-linux-x86_64, r-release-windows-x86_64