Last updated on 2024-05-08 00:49:49 CEST.
Flavor | Version | Tinstall | Tcheck | Ttotal | Status | Flags |
---|---|---|---|---|---|---|
r-devel-linux-x86_64-debian-clang | 2.4.6 | 10.78 | 68.35 | 79.13 | NOTE | |
r-devel-linux-x86_64-debian-gcc | 2.4.6 | 8.76 | 49.95 | 58.71 | NOTE | |
r-devel-linux-x86_64-fedora-clang | 2.4.6 | 100.02 | NOTE | |||
r-devel-linux-x86_64-fedora-gcc | 2.4.6 | 149.98 | NOTE | |||
r-devel-windows-x86_64 | 2.4.6 | 11.00 | 81.00 | 92.00 | NOTE | |
r-patched-linux-x86_64 | 2.4.6 | 14.16 | 65.00 | 79.16 | NOTE | |
r-release-linux-x86_64 | 2.4.6 | 8.69 | 64.29 | 72.98 | NOTE | |
r-release-macos-arm64 | 2.4.6 | 33.00 | NOTE | |||
r-release-windows-x86_64 | 2.4.6 | 11.00 | 80.00 | 91.00 | NOTE | |
r-oldrel-macos-arm64 | 2.4.6 | 34.00 | OK | |||
r-oldrel-macos-x86_64 | 2.4.6 | 65.00 | OK | |||
r-oldrel-windows-x86_64 | 2.4.6 | 13.00 | 89.00 | 102.00 | OK |
Version: 2.4.6
Check: Rd files
Result: NOTE
checkRd: (-1) createBssUrl.Rd:28: Lost braces
28 | \code{constraint}{ a character string containing value constraints }
| ^
checkRd: (-1) createBssUrl.Rd:29: Lost braces
29 | \code{url}{ optional url of the BSS measurements service }
| ^
checkRd: (-1) getGeneralValueMetrics.Rd:28: Lost braces
28 | \code{constraint}{ a character string containing value constraints }
| ^
checkRd: (-1) getGeneralValueMetrics.Rd:29: Lost braces
29 | \code{url}{ optional url of the MUSTANG measurements service}
| ^
checkRd: (-1) getMustangMetrics.Rd:28: Lost braces
28 | \code{constraint}{ a character string containing value constraints }
| ^
checkRd: (-1) getMustangMetrics.Rd:29: Lost braces
29 | \code{url}{ optional url of the MUSTANG measurements service }
| ^
Flavors: r-devel-linux-x86_64-debian-clang, r-devel-linux-x86_64-debian-gcc, r-devel-linux-x86_64-fedora-clang, r-devel-linux-x86_64-fedora-gcc, r-devel-windows-x86_64, r-patched-linux-x86_64, r-release-linux-x86_64, r-release-macos-arm64, r-release-windows-x86_64