Last updated on 2024-05-07 12:56:14 CEST.
Flavor | Version | Tinstall | Tcheck | Ttotal | Status | Flags |
---|---|---|---|---|---|---|
r-devel-linux-x86_64-debian-clang | 3.0 | 14.88 | 121.35 | 136.23 | NOTE | |
r-devel-linux-x86_64-debian-gcc | 3.0 | 13.70 | 85.80 | 99.50 | NOTE | |
r-devel-linux-x86_64-fedora-clang | 3.0 | 163.10 | NOTE | |||
r-devel-linux-x86_64-fedora-gcc | 3.0 | 225.23 | NOTE | |||
r-devel-windows-x86_64 | 3.0 | 13.00 | 96.00 | 109.00 | NOTE | |
r-patched-linux-x86_64 | 3.0 | 10.59 | 111.53 | 122.12 | NOTE | |
r-release-linux-x86_64 | 3.0 | 13.45 | 111.19 | 124.64 | NOTE | |
r-release-macos-arm64 | 3.0 | 45.00 | NOTE | |||
r-release-windows-x86_64 | 3.0 | 13.00 | 99.00 | 112.00 | NOTE | |
r-oldrel-macos-arm64 | 3.0 | 58.00 | OK | |||
r-oldrel-macos-x86_64 | 3.0 | 93.00 | OK | |||
r-oldrel-windows-x86_64 | 3.0 | 18.00 | 119.00 | 137.00 | OK |
Version: 3.0
Check: Rd files
Result: NOTE
checkRd: (-1) relLik.Rd:16: Lost braces
16 | \item{AIC(x), BIC(x) }{The \code{AIC} or ]code{BIC} value of the first model object.}
| ^
checkRd: (-1) relLik.Rd:17: Lost braces
17 | \item{AIC(y), BIC(y) }{The \code{AIC} or ]code{BIC} value of the second model object.}
| ^
Flavors: r-devel-linux-x86_64-debian-clang, r-devel-linux-x86_64-debian-gcc, r-devel-linux-x86_64-fedora-clang, r-devel-linux-x86_64-fedora-gcc, r-devel-windows-x86_64, r-patched-linux-x86_64, r-release-linux-x86_64, r-release-macos-arm64, r-release-windows-x86_64