Last updated on 2024-05-08 00:49:50 CEST.
Flavor | Version | Tinstall | Tcheck | Ttotal | Status | Flags |
---|---|---|---|---|---|---|
r-devel-linux-x86_64-debian-clang | 1.4.1 | 88.21 | 200.65 | 288.86 | OK | |
r-devel-linux-x86_64-debian-gcc | 1.4.1 | 63.72 | 155.40 | 219.12 | OK | |
r-devel-linux-x86_64-fedora-clang | 1.4.1 | 393.77 | OK | |||
r-devel-linux-x86_64-fedora-gcc | 1.4.1 | 482.00 | OK | |||
r-devel-windows-x86_64 | 1.4.1 | 80.00 | 197.00 | 277.00 | NOTE | |
r-patched-linux-x86_64 | 1.4.1 | 78.42 | 194.37 | 272.79 | OK | |
r-release-linux-x86_64 | 1.4.1 | 81.25 | 195.79 | 277.04 | OK | |
r-release-macos-arm64 | 1.4.1 | 89.00 | NOTE | |||
r-release-macos-x86_64 | 1.4.1 | 316.00 | NOTE | |||
r-release-windows-x86_64 | 1.4.1 | 82.00 | 199.00 | 281.00 | NOTE | |
r-oldrel-macos-arm64 | 1.4.1 | 119.00 | NOTE | |||
r-oldrel-macos-x86_64 | 1.4.1 | 200.00 | NOTE | |||
r-oldrel-windows-x86_64 | 1.4.1 | 95.00 | 233.00 | 328.00 | NOTE |
Version: 1.4.1
Check: package dependencies
Result: NOTE
Package suggested but not available for checking: 'doMC'
Flavors: r-devel-windows-x86_64, r-release-windows-x86_64, r-oldrel-windows-x86_64
Version: 1.4.1
Check: package dependencies
Result: NOTE
Packages suggested but not available for checking:
'SeqArray', 'SeqVarTools'
Flavor: r-release-macos-arm64
Version: 1.4.1
Check: installed package size
Result: NOTE
installed size is 6.6Mb
sub-directories of 1Mb or more:
libs 4.9Mb
Flavors: r-release-macos-arm64, r-release-macos-x86_64, r-oldrel-macos-arm64, r-oldrel-macos-x86_64
Version: 1.4.1
Check: package dependencies
Result: NOTE
Package suggested but not available for checking: ‘SeqVarTools’
Flavor: r-oldrel-macos-x86_64