Last updated on 2024-05-07 01:53:19 CEST.
Flavor | Version | Tinstall | Tcheck | Ttotal | Status | Flags |
---|---|---|---|---|---|---|
r-devel-linux-x86_64-debian-clang | 2.3.15 | 27.63 | 324.33 | 351.96 | NOTE | |
r-devel-linux-x86_64-debian-gcc | 2.3.15 | 23.88 | 225.26 | 249.14 | NOTE | |
r-devel-linux-x86_64-fedora-clang | 2.3.15 | 418.40 | NOTE | |||
r-devel-linux-x86_64-fedora-gcc | 2.3.15 | 627.33 | NOTE | |||
r-devel-windows-x86_64 | 2.3.15 | 23.00 | 206.00 | 229.00 | NOTE | |
r-patched-linux-x86_64 | 2.3.15 | 31.58 | 301.62 | 333.20 | NOTE | |
r-release-linux-x86_64 | 2.3.15 | 29.69 | 297.46 | 327.15 | NOTE | |
r-release-macos-arm64 | 2.3.15 | 96.00 | NOTE | |||
r-release-windows-x86_64 | 2.3.15 | 22.00 | 204.00 | 226.00 | NOTE | |
r-oldrel-macos-arm64 | 2.3.15 | 117.00 | OK | |||
r-oldrel-macos-x86_64 | 2.3.15 | 321.00 | OK | |||
r-oldrel-windows-x86_64 | 2.3.15 | 31.00 | 268.00 | 299.00 | OK |
Version: 2.3.15
Check: Rd files
Result: NOTE
checkRd: (-1) findDescendingTrans.Rd:29: Lost braces
29 | Foster, S.D., Hosack, G.R., J. Monk, Lawrence, E., Barrett, N.S., Williams, A. and Przeslawski, P. (2020) Spatially-Balanced Designs for Transect-Based Surveys. Methods in Ecology and Evolution. emph{11}: 95--105
| ^
Flavors: r-devel-linux-x86_64-debian-clang, r-devel-linux-x86_64-debian-gcc, r-devel-linux-x86_64-fedora-clang, r-devel-linux-x86_64-fedora-gcc, r-devel-windows-x86_64, r-patched-linux-x86_64, r-release-linux-x86_64, r-release-macos-arm64, r-release-windows-x86_64
Version: 2.3.15
Check: Rd cross-references
Result: NOTE
Undeclared package ‘raster’ in Rd xrefs
Flavor: r-devel-linux-x86_64-fedora-clang