Last updated on 2024-05-07 12:56:15 CEST.
Flavor | Version | Tinstall | Tcheck | Ttotal | Status | Flags |
---|---|---|---|---|---|---|
r-devel-linux-x86_64-debian-clang | 0.4.0 | 112.69 | 79.62 | 192.31 | NOTE | |
r-devel-linux-x86_64-debian-gcc | 0.4.0 | 85.66 | 61.65 | 147.31 | NOTE | |
r-devel-linux-x86_64-fedora-clang | 0.4.0 | 254.88 | NOTE | |||
r-devel-linux-x86_64-fedora-gcc | 0.4.0 | 376.69 | NOTE | |||
r-devel-windows-x86_64 | 0.4.0 | 87.00 | 94.00 | 181.00 | NOTE | |
r-patched-linux-x86_64 | 0.4.0 | 101.60 | 79.15 | 180.75 | NOTE | |
r-release-linux-x86_64 | 0.4.0 | 119.49 | 77.38 | 196.87 | NOTE | |
r-release-macos-arm64 | 0.4.0 | 65.00 | NOTE | |||
r-release-windows-x86_64 | 0.4.0 | 86.00 | 100.00 | 186.00 | NOTE | |
r-oldrel-macos-arm64 | 0.4.0 | 81.00 | NOTE | |||
r-oldrel-macos-x86_64 | 0.4.0 | 123.00 | NOTE | |||
r-oldrel-windows-x86_64 | 0.4.0 | 102.00 | 118.00 | 220.00 | NOTE |
Version: 0.4.0
Check: C++ specification
Result: NOTE
Specified C++11: please drop specification unless essential
Flavors: r-devel-linux-x86_64-debian-clang, r-devel-linux-x86_64-debian-gcc, r-devel-linux-x86_64-fedora-clang, r-devel-linux-x86_64-fedora-gcc, r-devel-windows-x86_64, r-patched-linux-x86_64, r-release-linux-x86_64, r-release-macos-arm64, r-release-windows-x86_64, r-oldrel-macos-arm64, r-oldrel-macos-x86_64, r-oldrel-windows-x86_64
Version: 0.4.0
Check: LazyData
Result: NOTE
'LazyData' is specified without a 'data' directory
Flavors: r-devel-linux-x86_64-debian-clang, r-devel-linux-x86_64-debian-gcc, r-devel-linux-x86_64-fedora-clang, r-devel-linux-x86_64-fedora-gcc, r-devel-windows-x86_64, r-patched-linux-x86_64, r-release-linux-x86_64, r-release-macos-arm64, r-release-windows-x86_64, r-oldrel-macos-arm64, r-oldrel-macos-x86_64, r-oldrel-windows-x86_64
Version: 0.4.0
Check: Rd cross-references
Result: NOTE
Undeclared package ‘coda’ in Rd xrefs
Flavor: r-devel-linux-x86_64-fedora-clang
Version: 0.4.0
Check: installed package size
Result: NOTE
installed size is 19.6Mb
sub-directories of 1Mb or more:
libs 19.1Mb
Flavors: r-release-macos-arm64, r-oldrel-macos-arm64, r-oldrel-macos-x86_64