Last updated on 2024-05-07 12:56:16 CEST.
Flavor | Version | Tinstall | Tcheck | Ttotal | Status | Flags |
---|---|---|---|---|---|---|
r-devel-linux-x86_64-debian-clang | 0.1.2 | 0.44 | 2.07 | 2.51 | ERROR | |
r-devel-linux-x86_64-debian-gcc | 0.1.2 | 1.95 | 43.31 | 45.26 | OK | |
r-devel-linux-x86_64-fedora-clang | 0.1.2 | 82.46 | OK | |||
r-devel-linux-x86_64-fedora-gcc | 0.1.2 | 88.76 | OK | |||
r-devel-windows-x86_64 | 0.1.2 | 4.00 | 82.00 | 86.00 | OK | |
r-patched-linux-x86_64 | 0.1.2 | 7.56 | 54.94 | 62.50 | OK | |
r-release-linux-x86_64 | 0.1.2 | 2.00 | 56.85 | 58.85 | OK | |
r-release-macos-arm64 | 0.1.2 | 30.00 | OK | |||
r-release-macos-x86_64 | 0.1.2 | 54.00 | OK | |||
r-release-windows-x86_64 | 0.1.2 | 4.00 | 81.00 | 85.00 | OK | |
r-oldrel-macos-arm64 | 0.1.2 | 33.00 | OK | |||
r-oldrel-macos-x86_64 | 0.1.2 | 46.00 | OK | |||
r-oldrel-windows-x86_64 | 0.1.2 | 5.00 | 80.00 | 85.00 | OK |
Version: 0.1.2
Check: package dependencies
Result: ERROR
Package required but not available: ‘genefilter’
See section ‘The DESCRIPTION file’ in the ‘Writing R Extensions’
manual.
Flavor: r-devel-linux-x86_64-debian-clang