Last updated on 2024-05-07 01:53:20 CEST.
Flavor | Version | Tinstall | Tcheck | Ttotal | Status | Flags |
---|---|---|---|---|---|---|
r-devel-linux-x86_64-debian-clang | 0.1.0 | 1.07 | 2.23 | 3.30 | ERROR | |
r-devel-linux-x86_64-debian-gcc | 0.1.0 | 4.60 | 303.46 | 308.06 | OK | |
r-devel-linux-x86_64-fedora-clang | 0.1.0 | 505.81 | OK | |||
r-devel-linux-x86_64-fedora-gcc | 0.1.0 | 487.57 | OK | |||
r-devel-windows-x86_64 | 0.1.0 | 7.00 | 325.00 | 332.00 | OK | |
r-patched-linux-x86_64 | 0.1.0 | 5.77 | 388.73 | 394.50 | OK | |
r-release-linux-x86_64 | 0.1.0 | 4.44 | 391.55 | 395.99 | OK | |
r-release-macos-arm64 | 0.1.0 | 149.00 | OK | |||
r-release-macos-x86_64 | 0.1.0 | 376.00 | NOTE | |||
r-release-windows-x86_64 | 0.1.0 | 8.00 | 312.00 | 320.00 | OK | |
r-oldrel-macos-arm64 | 0.1.0 | 166.00 | NOTE | |||
r-oldrel-macos-x86_64 | 0.1.0 | 297.00 | NOTE | |||
r-oldrel-windows-x86_64 | 0.1.0 | 9.00 | 338.00 | 347.00 | OK |
Version: 0.1.0
Check: package dependencies
Result: ERROR
Packages required but not available: 'GenomicRanges', 'Rsamtools'
Packages suggested but not available for checking:
'karyoploteR', 'regioneR'
See section ‘The DESCRIPTION file’ in the ‘Writing R Extensions’
manual.
Flavor: r-devel-linux-x86_64-debian-clang
Version: 0.1.0
Check: package dependencies
Result: NOTE
Packages suggested but not available for checking:
'karyoploteR', 'regioneR'
Flavors: r-release-macos-x86_64, r-oldrel-macos-arm64
Version: 0.1.0
Check: package dependencies
Result: NOTE
Packages suggested but not available for checking:
'clustree', 'karyoploteR', 'regioneR'
Flavor: r-oldrel-macos-x86_64