Last updated on 2024-05-07 01:53:20 CEST.
Flavor | Version | Tinstall | Tcheck | Ttotal | Status | Flags |
---|---|---|---|---|---|---|
r-devel-linux-x86_64-debian-clang | 3.1.12 | 9.61 | 88.50 | 98.11 | NOTE | |
r-devel-linux-x86_64-debian-gcc | 3.1.12 | 6.44 | 63.73 | 70.17 | NOTE | |
r-devel-linux-x86_64-fedora-clang | 3.1.12 | 124.48 | NOTE | |||
r-devel-linux-x86_64-fedora-gcc | 3.1.12 | 191.87 | NOTE | |||
r-devel-windows-x86_64 | 3.1.12 | 9.00 | 94.00 | 103.00 | NOTE | |
r-patched-linux-x86_64 | 3.1.12 | 8.50 | 82.58 | 91.08 | NOTE | |
r-release-linux-x86_64 | 3.1.12 | 6.83 | 82.60 | 89.43 | NOTE | |
r-release-macos-arm64 | 3.1.12 | 63.00 | NOTE | |||
r-release-windows-x86_64 | 3.1.12 | 7.00 | 100.00 | 107.00 | NOTE | |
r-oldrel-macos-arm64 | 3.1.12 | 70.00 | NOTE | |||
r-oldrel-macos-x86_64 | 3.1.12 | 90.00 | NOTE | |||
r-oldrel-windows-x86_64 | 3.1.12 | 11.00 | 100.00 | 111.00 | NOTE |
Version: 3.1.12
Check: LazyData
Result: NOTE
'LazyData' is specified without a 'data' directory
Flavors: r-devel-linux-x86_64-debian-clang, r-devel-linux-x86_64-debian-gcc, r-devel-linux-x86_64-fedora-clang, r-devel-linux-x86_64-fedora-gcc, r-devel-windows-x86_64, r-patched-linux-x86_64, r-release-linux-x86_64, r-release-macos-arm64, r-release-windows-x86_64, r-oldrel-macos-arm64, r-oldrel-macos-x86_64, r-oldrel-windows-x86_64