Last updated on 2024-05-07 01:53:20 CEST.
Flavor | Version | Tinstall | Tcheck | Ttotal | Status | Flags |
---|---|---|---|---|---|---|
r-devel-linux-x86_64-debian-clang | 1.6.64 | 55.97 | 185.19 | 241.16 | NOTE | |
r-devel-linux-x86_64-debian-gcc | 1.6.64 | 48.97 | 119.07 | 168.04 | NOTE | |
r-devel-linux-x86_64-fedora-clang | 1.6.64 | 332.18 | NOTE | |||
r-devel-linux-x86_64-fedora-gcc | 1.6.64 | 280.88 | NOTE | |||
r-devel-windows-x86_64 | 1.6.64 | 45.00 | 142.00 | 187.00 | NOTE | |
r-patched-linux-x86_64 | 1.6.64 | 58.87 | 168.07 | 226.94 | NOTE | |
r-release-linux-x86_64 | 1.6.64 | 52.58 | 167.52 | 220.10 | NOTE | |
r-release-macos-arm64 | 1.6.64 | 63.00 | NOTE | |||
r-release-windows-x86_64 | 1.6.64 | 47.00 | 150.00 | 197.00 | NOTE | |
r-oldrel-macos-arm64 | 1.6.64 | 71.00 | NOTE | |||
r-oldrel-macos-x86_64 | 1.6.64 | 135.00 | NOTE | |||
r-oldrel-windows-x86_64 | 1.6.64 | 53.00 | 177.00 | 230.00 | NOTE |
Version: 1.6.64
Check: package dependencies
Result: NOTE
Packages suggested but not available for checking:
'biomaRt', 'optiSel', 'alstructure'
Packages which this enhances but not available for checking:
'miraculix', 'RandomFieldsUtils', 'MoBPSmaps'
Flavor: r-devel-linux-x86_64-debian-clang
Version: 1.6.64
Check: Rd files
Result: NOTE
checkRd: (-1) creating.phenotypic.transform.Rd:20: Lost braces
20 | trafo <- function(x){ return(x^2)}
| ^
Flavors: r-devel-linux-x86_64-debian-clang, r-devel-linux-x86_64-debian-gcc, r-devel-linux-x86_64-fedora-clang, r-devel-linux-x86_64-fedora-gcc, r-devel-windows-x86_64, r-patched-linux-x86_64, r-release-linux-x86_64, r-release-macos-arm64, r-release-windows-x86_64
Version: 1.6.64
Check: package dependencies
Result: NOTE
Packages suggested but not available for checking: 'optiSel', 'alstructure'
Packages which this enhances but not available for checking:
'miraculix', 'RandomFieldsUtils', 'MoBPSmaps'
Flavors: r-devel-linux-x86_64-debian-gcc, r-devel-linux-x86_64-fedora-clang, r-devel-linux-x86_64-fedora-gcc, r-patched-linux-x86_64, r-release-linux-x86_64
Version: 1.6.64
Check: package dependencies
Result: NOTE
Package suggested but not available for checking: 'alstructure'
Packages which this enhances but not available for checking:
'miraculix', 'RandomFieldsUtils', 'MoBPSmaps'
Flavors: r-devel-windows-x86_64, r-release-windows-x86_64, r-oldrel-windows-x86_64
Version: 1.6.64
Check: package dependencies
Result: NOTE
Packages suggested but not available for checking:
'doMPI', 'optiSel', 'alstructure'
Packages which this enhances but not available for checking:
'miraculix', 'RandomFieldsUtils', 'MoBPSmaps'
Flavor: r-release-macos-arm64
Version: 1.6.64
Check: package dependencies
Result: NOTE
Packages suggested but not available for checking: 'doMPI', 'alstructure'
Packages which this enhances but not available for checking:
'miraculix', 'RandomFieldsUtils', 'MoBPSmaps'
Flavors: r-oldrel-macos-arm64, r-oldrel-macos-x86_64