Last updated on 2024-05-07 01:53:22 CEST.
Flavor | Version | Tinstall | Tcheck | Ttotal | Status | Flags |
---|---|---|---|---|---|---|
r-devel-linux-x86_64-debian-clang | 0.5.3 | 17.29 | 166.95 | 184.24 | NOTE | |
r-devel-linux-x86_64-debian-gcc | 0.5.3 | 14.28 | 123.15 | 137.43 | NOTE | |
r-devel-linux-x86_64-fedora-clang | 0.5.3 | 208.56 | NOTE | |||
r-devel-linux-x86_64-fedora-gcc | 0.5.3 | 276.01 | NOTE | |||
r-devel-windows-x86_64 | 0.5.3 | 14.00 | 209.00 | 223.00 | NOTE | |
r-patched-linux-x86_64 | 0.5.3 | 11.25 | 153.43 | 164.68 | NOTE | |
r-release-linux-x86_64 | 0.5.3 | 12.05 | 157.38 | 169.43 | NOTE | |
r-release-macos-arm64 | 0.5.3 | 72.00 | NOTE | |||
r-release-windows-x86_64 | 0.5.3 | 14.00 | 214.00 | 228.00 | NOTE | |
r-oldrel-macos-arm64 | 0.5.3 | 63.00 | OK | |||
r-oldrel-macos-x86_64 | 0.5.3 | 100.00 | OK | |||
r-oldrel-windows-x86_64 | 0.5.3 | 18.00 | 198.00 | 216.00 | OK |
Version: 0.5.3
Check: Rd files
Result: NOTE
checkRd: (-1) checkSoundscapeInput.Rd:40: Lost braces in \itemize; meant \describe ?
checkRd: (-1) checkSoundscapeInput.Rd:41-42: Lost braces in \itemize; meant \describe ?
checkRd: (-1) checkSoundscapeInput.Rd:43: Lost braces in \itemize; meant \describe ?
checkRd: (-1) checkSoundscapeInput.Rd:44: Lost braces in \itemize; meant \describe ?
checkRd: (-1) plotPSD.Rd:77: Lost braces in \itemize; meant \describe ?
checkRd: (-1) plotPSD.Rd:78-79: Lost braces in \itemize; meant \describe ?
checkRd: (-1) plotPSD.Rd:80-81: Lost braces in \itemize; meant \describe ?
checkRd: (-1) plotPSD.Rd:82-85: Lost braces in \itemize; meant \describe ?
checkRd: (-1) plotPSD.Rd:86-89: Lost braces in \itemize; meant \describe ?
Flavors: r-devel-linux-x86_64-debian-clang, r-devel-linux-x86_64-debian-gcc, r-devel-linux-x86_64-fedora-clang, r-devel-linux-x86_64-fedora-gcc, r-devel-windows-x86_64, r-patched-linux-x86_64, r-release-linux-x86_64, r-release-macos-arm64, r-release-windows-x86_64