Last updated on 2024-07-18 01:55:39 CEST.
Flavor | Version | Tinstall | Tcheck | Ttotal | Status | Flags |
---|---|---|---|---|---|---|
r-devel-linux-x86_64-debian-clang | 1.0.3 | 17.02 | 125.29 | 142.31 | NOTE | |
r-devel-linux-x86_64-debian-gcc | 1.0.3 | 13.46 | 93.92 | 107.38 | NOTE | |
r-devel-linux-x86_64-fedora-clang | 1.0.3 | 188.18 | NOTE | |||
r-devel-linux-x86_64-fedora-gcc | 1.0.3 | 182.92 | NOTE | |||
r-devel-windows-x86_64 | 1.0.3 | 14.00 | 98.00 | 112.00 | NOTE | |
r-patched-linux-x86_64 | 1.0.3 | 14.74 | 122.67 | 137.41 | NOTE | |
r-release-linux-x86_64 | 1.0.3 | 14.18 | 121.33 | 135.51 | NOTE | |
r-release-macos-arm64 | 1.0.3 | 49.00 | NOTE | |||
r-release-macos-x86_64 | 1.0.3 | 69.00 | NOTE | |||
r-release-windows-x86_64 | 1.0.3 | 15.00 | 101.00 | 116.00 | NOTE | |
r-oldrel-macos-arm64 | 1.0.3 | 57.00 | OK | |||
r-oldrel-macos-x86_64 | 1.0.3 | 85.00 | OK | |||
r-oldrel-windows-x86_64 | 1.0.3 | 19.00 | 116.00 | 135.00 | OK |
Version: 1.0.3
Check: Rd files
Result: NOTE
checkRd: (-1) PhageCocktail.Rd:100-103: Lost braces
100 | "Result": {
| ^
checkRd: (-1) PhageCocktail.Rd:105-112: Lost braces
105 | "BacteriaLysed": {
| ^
Flavors: r-devel-linux-x86_64-debian-clang, r-devel-linux-x86_64-debian-gcc, r-devel-linux-x86_64-fedora-clang, r-devel-linux-x86_64-fedora-gcc, r-devel-windows-x86_64, r-patched-linux-x86_64, r-release-linux-x86_64, r-release-macos-arm64, r-release-macos-x86_64, r-release-windows-x86_64