Last updated on 2024-05-07 12:56:20 CEST.
Flavor | Version | Tinstall | Tcheck | Ttotal | Status | Flags |
---|---|---|---|---|---|---|
r-devel-linux-x86_64-debian-clang | 1.0.4 | 38.30 | 27.79 | 66.09 | NOTE | |
r-devel-linux-x86_64-debian-gcc | 1.0.4 | 25.82 | 21.71 | 47.53 | NOTE | |
r-devel-linux-x86_64-fedora-clang | 1.0.4 | 89.80 | NOTE | |||
r-devel-linux-x86_64-fedora-gcc | 1.0.4 | 133.49 | NOTE | |||
r-devel-windows-x86_64 | 1.0.4 | 29.00 | 63.00 | 92.00 | NOTE | |
r-patched-linux-x86_64 | 1.0.4 | 27.80 | 26.78 | 54.58 | NOTE | |
r-release-linux-x86_64 | 1.0.4 | 34.78 | 26.59 | 61.37 | NOTE | |
r-release-macos-arm64 | 1.0.4 | 25.00 | NOTE | |||
r-release-windows-x86_64 | 1.0.4 | 28.00 | 63.00 | 91.00 | NOTE | |
r-oldrel-macos-arm64 | 1.0.4 | 28.00 | NOTE | |||
r-oldrel-macos-x86_64 | 1.0.4 | 41.00 | NOTE | |||
r-oldrel-windows-x86_64 | 1.0.4 | 34.00 | 68.00 | 102.00 | NOTE |
Version: 1.0.4
Check: LazyData
Result: NOTE
'LazyData' is specified without a 'data' directory
Flavors: r-devel-linux-x86_64-debian-clang, r-devel-linux-x86_64-debian-gcc, r-devel-linux-x86_64-fedora-clang, r-devel-linux-x86_64-fedora-gcc, r-devel-windows-x86_64, r-patched-linux-x86_64, r-release-linux-x86_64, r-release-macos-arm64, r-release-windows-x86_64, r-oldrel-macos-arm64, r-oldrel-macos-x86_64, r-oldrel-windows-x86_64