Last updated on 2024-05-07 12:56:20 CEST.
Flavor | Version | Tinstall | Tcheck | Ttotal | Status | Flags |
---|---|---|---|---|---|---|
r-devel-linux-x86_64-debian-clang | 1.7.2 | 0.94 | 2.03 | 2.97 | ERROR | |
r-devel-linux-x86_64-debian-gcc | 1.7.2 | 48.35 | 382.28 | 430.63 | OK | |
r-devel-linux-x86_64-fedora-clang | 1.7.2 | 777.98 | OK | |||
r-devel-linux-x86_64-fedora-gcc | 1.7.2 | 808.39 | OK | |||
r-devel-windows-x86_64 | 1.7.2 | 55.00 | 341.00 | 396.00 | OK | |
r-patched-linux-x86_64 | 1.7.2 | 40.75 | 495.90 | 536.65 | OK | |
r-release-linux-x86_64 | 1.7.2 | 45.39 | 493.77 | 539.16 | OK | |
r-release-macos-arm64 | 1.7.2 | 184.00 | OK | |||
r-release-macos-x86_64 | 1.7.2 | 383.00 | OK | |||
r-release-windows-x86_64 | 1.7.2 | 55.00 | 340.00 | 395.00 | OK | |
r-oldrel-macos-arm64 | 1.7.2 | 5.00 | ERROR | |||
r-oldrel-macos-x86_64 | 1.7.2 | 377.00 | OK | |||
r-oldrel-windows-x86_64 | 1.7.2 | 72.00 | 451.00 | 523.00 | OK |
Version: 1.7.2
Check: package dependencies
Result: ERROR
Packages required but not available:
'GenomicRanges', 'VariantAnnotation', 'Rsamtools', 'rtracklayer',
'SummarizedExperiment'
See section ‘The DESCRIPTION file’ in the ‘Writing R Extensions’
manual.
Flavor: r-devel-linux-x86_64-debian-clang
Version: 1.7.2
Check: package dependencies
Result: ERROR
Package required but not available: ‘VariantAnnotation’
See section ‘The DESCRIPTION file’ in the ‘Writing R Extensions’
manual.
Flavor: r-oldrel-macos-arm64