Last updated on 2024-05-07 12:56:21 CEST.
Flavor | Version | Tinstall | Tcheck | Ttotal | Status | Flags |
---|---|---|---|---|---|---|
r-devel-linux-x86_64-debian-clang | 0.2.1 | 10.60 | 72.79 | 83.39 | NOTE | |
r-devel-linux-x86_64-debian-gcc | 0.2.1 | 7.17 | 52.91 | 60.08 | NOTE | |
r-devel-linux-x86_64-fedora-clang | 0.2.1 | 102.97 | NOTE | |||
r-devel-linux-x86_64-fedora-gcc | 0.2.1 | 149.82 | NOTE | |||
r-devel-windows-x86_64 | 0.2.1 | 10.00 | 72.00 | 82.00 | NOTE | |
r-patched-linux-x86_64 | 0.2.1 | 13.80 | 68.69 | 82.49 | NOTE | |
r-release-linux-x86_64 | 0.2.1 | 9.60 | 67.36 | 76.96 | NOTE | |
r-release-macos-arm64 | 0.2.1 | 38.00 | NOTE | |||
r-release-windows-x86_64 | 0.2.1 | 10.00 | 71.00 | 81.00 | NOTE | |
r-oldrel-macos-arm64 | 0.2.1 | 38.00 | NOTE | |||
r-oldrel-macos-x86_64 | 0.2.1 | 58.00 | NOTE | |||
r-oldrel-windows-x86_64 | 0.2.1 | 11.00 | 80.00 | 91.00 | NOTE |
Version: 0.2.1
Check: LazyData
Result: NOTE
'LazyData' is specified without a 'data' directory
Flavors: r-devel-linux-x86_64-debian-clang, r-devel-linux-x86_64-debian-gcc, r-devel-linux-x86_64-fedora-clang, r-devel-linux-x86_64-fedora-gcc, r-devel-windows-x86_64, r-patched-linux-x86_64, r-release-linux-x86_64, r-release-macos-arm64, r-release-windows-x86_64, r-oldrel-macos-arm64, r-oldrel-macos-x86_64, r-oldrel-windows-x86_64