Last updated on 2024-05-08 00:49:55 CEST.
Flavor | Version | Tinstall | Tcheck | Ttotal | Status | Flags |
---|---|---|---|---|---|---|
r-devel-linux-x86_64-debian-clang | 0.0.5 | 8.32 | 145.20 | 153.52 | OK | |
r-devel-linux-x86_64-debian-gcc | 0.0.5 | 6.43 | 105.96 | 112.39 | OK | |
r-devel-linux-x86_64-fedora-clang | 0.0.5 | 193.05 | NOTE | |||
r-devel-linux-x86_64-fedora-gcc | 0.0.5 | 232.00 | NOTE | |||
r-devel-windows-x86_64 | 0.0.5 | 9.00 | 131.00 | 140.00 | OK | |
r-patched-linux-x86_64 | 0.0.5 | 5.32 | 141.75 | 147.07 | OK | |
r-release-linux-x86_64 | 0.0.5 | 6.92 | 140.49 | 147.41 | OK | |
r-release-macos-arm64 | 0.0.5 | 58.00 | OK | |||
r-release-windows-x86_64 | 0.0.5 | 9.00 | 130.00 | 139.00 | OK | |
r-oldrel-macos-arm64 | 0.0.5 | 63.00 | OK | |||
r-oldrel-macos-x86_64 | 0.0.5 | 176.00 | OK | |||
r-oldrel-windows-x86_64 | 0.0.5 | 10.00 | 153.00 | 163.00 | OK |
Version: 0.0.5
Check: dependencies in R code
Result: NOTE
Namespaces in Imports field not imported from:
‘itsadug’ ‘mgcv’
All declared Imports should be used.
Flavors: r-devel-linux-x86_64-fedora-clang, r-devel-linux-x86_64-fedora-gcc