Last updated on 2024-07-18 01:55:40 CEST.
Flavor | Version | Tinstall | Tcheck | Ttotal | Status | Flags |
---|---|---|---|---|---|---|
r-devel-linux-x86_64-debian-clang | 1.2 | 13.82 | 136.22 | 150.04 | OK | |
r-devel-linux-x86_64-debian-gcc | 1.2 | 12.82 | 99.06 | 111.88 | OK | |
r-devel-linux-x86_64-fedora-clang | 1.2 | 200.20 | OK | |||
r-devel-linux-x86_64-fedora-gcc | 1.2 | 185.18 | OK | |||
r-devel-windows-x86_64 | 1.2 | 14.00 | 113.00 | 127.00 | NOTE | |
r-patched-linux-x86_64 | 1.2 | 17.04 | 130.78 | 147.82 | OK | |
r-release-linux-x86_64 | 1.2 | 17.70 | 129.03 | 146.73 | OK | |
r-release-macos-arm64 | 1.2 | 48.00 | OK | |||
r-release-macos-x86_64 | 1.2 | 86.00 | OK | |||
r-release-windows-x86_64 | 1.2 | 15.00 | 112.00 | 127.00 | OK | |
r-oldrel-macos-arm64 | 1.2 | 55.00 | OK | |||
r-oldrel-macos-x86_64 | 1.2 | 98.00 | OK | |||
r-oldrel-windows-x86_64 | 1.2 | 19.00 | 133.00 | 152.00 | OK |
Version: 1.2
Check: Rd cross-references
Result: NOTE
Found the following Rd file(s) with Rd \link{} targets missing package
anchors:
AHeVT.Rd: truncSP
AHeVXT.Rd: truncSP
QRIndiv.Rd: truncSP
QRSimul.Rd: truncSP
QRStepwise.Rd: truncSP
QRWSimul.Rd: truncSP
simul_shapetest.Rd: truncSP
Please provide package anchors for all Rd \link{} targets not in the
package itself and the base packages.
Flavor: r-devel-windows-x86_64