Last updated on 2024-05-06 00:52:55 CEST.
Flavor | Version | Tinstall | Tcheck | Ttotal | Status | Flags |
---|---|---|---|---|---|---|
r-devel-linux-x86_64-debian-clang | 0.3.0 | 4.72 | 36.91 | 41.63 | NOTE | |
r-devel-linux-x86_64-debian-gcc | 0.3.0 | 3.65 | 28.65 | 32.30 | NOTE | |
r-devel-linux-x86_64-fedora-clang | 0.3.0 | 51.98 | NOTE | |||
r-devel-linux-x86_64-fedora-gcc | 0.3.0 | 50.20 | NOTE | |||
r-devel-windows-x86_64 | 0.3.0 | 5.00 | 54.00 | 59.00 | NOTE | |
r-patched-linux-x86_64 | 0.3.0 | 5.02 | 36.20 | 41.22 | NOTE | |
r-release-linux-x86_64 | 0.3.0 | 3.66 | 36.52 | 40.18 | NOTE | |
r-release-macos-arm64 | 0.3.0 | 23.00 | OK | |||
r-release-windows-x86_64 | 0.3.0 | 6.00 | 56.00 | 62.00 | NOTE | |
r-oldrel-macos-arm64 | 0.3.0 | 22.00 | OK | |||
r-oldrel-macos-x86_64 | 0.3.0 | 28.00 | OK | |||
r-oldrel-windows-x86_64 | 0.3.0 | 6.00 | 58.00 | 64.00 | OK |
Version: 0.3.0
Check: HTML version of manual
Result: NOTE
Found the following HTML validation problems:
Repository.html:125:1 (Repository.Rd:129): Warning: trimming empty <ul>
Flavors: r-devel-linux-x86_64-debian-clang, r-devel-linux-x86_64-debian-gcc, r-devel-linux-x86_64-fedora-clang, r-devel-linux-x86_64-fedora-gcc, r-devel-windows-x86_64, r-patched-linux-x86_64, r-release-linux-x86_64, r-release-windows-x86_64