Last updated on 2024-05-06 00:52:57 CEST.
Flavor | Version | Tinstall | Tcheck | Ttotal | Status | Flags |
---|---|---|---|---|---|---|
r-devel-linux-x86_64-debian-clang | 0.3-3 | 11.59 | 179.35 | 190.94 | NOTE | |
r-devel-linux-x86_64-debian-gcc | 0.3-3 | 11.45 | 129.23 | 140.68 | NOTE | |
r-devel-linux-x86_64-fedora-clang | 0.3-3 | 240.30 | NOTE | |||
r-devel-linux-x86_64-fedora-gcc | 0.3-3 | 227.82 | NOTE | |||
r-devel-windows-x86_64 | 0.3-3 | 13.00 | 133.00 | 146.00 | NOTE | |
r-patched-linux-x86_64 | 0.3-3 | 19.11 | 166.99 | 186.10 | NOTE | |
r-release-linux-x86_64 | 0.3-3 | 9.23 | 171.36 | 180.59 | NOTE | |
r-release-macos-arm64 | 0.3-3 | 59.00 | NOTE | |||
r-release-windows-x86_64 | 0.3-3 | 14.00 | 134.00 | 148.00 | NOTE | |
r-oldrel-macos-arm64 | 0.3-3 | 51.00 | OK | |||
r-oldrel-macos-x86_64 | 0.3-3 | 103.00 | OK | |||
r-oldrel-windows-x86_64 | 0.3-3 | 16.00 | 175.00 | 191.00 | OK |
Version: 0.3-3
Check: Rd files
Result: NOTE
checkRd: (-1) CovsAlignedToADesign-class.Rd:22: Lost braces; missing escapes or markup?
22 | specified stratum weight to the product of h_b (the harmonic mean of n_{tb} and
| ^
checkRd: (-1) CovsAlignedToADesign-class.Rd:23: Lost braces; missing escapes or markup?
23 | n_{cb}, the counts of treatment and control clusters in stratum b) with bar-w_b,
| ^
checkRd: (-1) DesignWeights.Rd:39: Lost braces; missing escapes or markup?
39 | mean of n_{tb} and n_{cb}, the number of treatment and control
| ^
checkRd: (-1) DesignWeights.Rd:39: Lost braces; missing escapes or markup?
39 | mean of n_{tb} and n_{cb}, the number of treatment and control
| ^
Flavors: r-devel-linux-x86_64-debian-clang, r-devel-linux-x86_64-debian-gcc, r-devel-linux-x86_64-fedora-clang, r-devel-linux-x86_64-fedora-gcc, r-devel-windows-x86_64, r-patched-linux-x86_64, r-release-linux-x86_64, r-release-macos-arm64, r-release-windows-x86_64