Last updated on 2024-05-07 12:56:23 CEST.
Flavor | Version | Tinstall | Tcheck | Ttotal | Status | Flags |
---|---|---|---|---|---|---|
r-devel-linux-x86_64-debian-clang | 1.1 | 294.32 | 35.60 | 329.92 | OK | |
r-devel-linux-x86_64-debian-gcc | 1.1 | 232.14 | 38.90 | 271.04 | OK | |
r-devel-linux-x86_64-fedora-clang | 1.1 | 411.70 | OK | |||
r-devel-linux-x86_64-fedora-gcc | 1.1 | 569.23 | OK | |||
r-devel-windows-x86_64 | 1.1 | 203.00 | 94.00 | 297.00 | OK | |
r-patched-linux-x86_64 | 1.1 | 283.54 | 49.59 | 333.13 | OK | |
r-release-linux-x86_64 | 1.1 | 282.45 | 48.10 | 330.55 | OK | |
r-release-macos-arm64 | 1.1 | 78.00 | NOTE | |||
r-release-windows-x86_64 | 1.1 | 189.00 | 85.00 | 274.00 | OK | |
r-oldrel-macos-arm64 | 1.1 | 99.00 | NOTE | |||
r-oldrel-macos-x86_64 | 1.1 | 154.00 | NOTE | |||
r-oldrel-windows-x86_64 | 1.1 | 243.00 | 103.00 | 346.00 | OK |
Version: 1.1
Check: installed package size
Result: NOTE
installed size is 27.8Mb
sub-directories of 1Mb or more:
libs 27.7Mb
Flavors: r-release-macos-arm64, r-oldrel-macos-arm64, r-oldrel-macos-x86_64