Last updated on 2024-05-08 00:49:57 CEST.
Flavor | Version | Tinstall | Tcheck | Ttotal | Status | Flags |
---|---|---|---|---|---|---|
r-devel-linux-x86_64-debian-clang | 3.2.1 | 25.40 | 309.49 | 334.89 | OK | |
r-devel-linux-x86_64-debian-gcc | 3.2.1 | 18.96 | 225.03 | 243.99 | OK | |
r-devel-linux-x86_64-fedora-clang | 3.2.1 | 419.76 | NOTE | |||
r-devel-linux-x86_64-fedora-gcc | 3.2.1 | 508.54 | OK | |||
r-devel-windows-x86_64 | 3.2.1 | 25.00 | 241.00 | 266.00 | NOTE | |
r-patched-linux-x86_64 | 3.2.1 | 18.90 | 299.30 | 318.20 | OK | |
r-release-linux-x86_64 | 3.2.1 | 20.63 | 290.71 | 311.34 | OK | |
r-release-macos-arm64 | 3.2.1 | 120.00 | NOTE | |||
r-release-windows-x86_64 | 3.2.1 | 26.00 | 242.00 | 268.00 | NOTE | |
r-oldrel-macos-arm64 | 3.2.1 | 103.00 | NOTE | |||
r-oldrel-macos-x86_64 | 3.2.1 | 213.00 | NOTE | |||
r-oldrel-windows-x86_64 | 3.2.1 | 32.00 | 297.00 | 329.00 | NOTE |
Version: 3.2.1
Check: package dependencies
Result: NOTE
Imports includes 31 non-default packages.
Importing from so many packages makes the package vulnerable to any of
them becoming unavailable. Move as many as possible to Suggests and
use conditionally.
Flavor: r-devel-linux-x86_64-fedora-clang
Version: 3.2.1
Check: installed package size
Result: NOTE
installed size is 5.2Mb
sub-directories of 1Mb or more:
doc 4.2Mb
Flavors: r-devel-linux-x86_64-fedora-clang, r-devel-windows-x86_64, r-release-macos-arm64, r-release-windows-x86_64, r-oldrel-macos-arm64, r-oldrel-macos-x86_64, r-oldrel-windows-x86_64