Last updated on 2024-05-07 12:56:25 CEST.
Flavor | Version | Tinstall | Tcheck | Ttotal | Status | Flags |
---|---|---|---|---|---|---|
r-devel-linux-x86_64-debian-clang | 1.4.7 | 374.11 | 313.34 | 687.45 | OK | |
r-devel-linux-x86_64-debian-gcc | 1.4.7 | 296.33 | 222.04 | 518.37 | OK | |
r-devel-linux-x86_64-fedora-clang | 1.4.7 | 1407.51 | OK | |||
r-devel-linux-x86_64-fedora-gcc | 1.4.7 | 1039.58 | OK | |||
r-devel-windows-x86_64 | 1.4.7 | 388.00 | 256.00 | 644.00 | OK | |
r-patched-linux-x86_64 | 1.4.7 | 346.31 | 298.06 | 644.37 | OK | |
r-release-linux-x86_64 | 1.4.7 | 375.31 | 303.98 | 679.29 | OK | |
r-release-macos-arm64 | 1.4.7 | 194.00 | NOTE | |||
r-release-macos-x86_64 | 1.4.7 | 374.00 | NOTE | |||
r-release-windows-x86_64 | 1.4.7 | 390.00 | 267.00 | 657.00 | OK | |
r-oldrel-macos-arm64 | 1.4.7 | 215.00 | NOTE | |||
r-oldrel-macos-x86_64 | 1.4.7 | 331.00 | NOTE | |||
r-oldrel-windows-x86_64 | 1.4.7 | 361.00 | 307.00 | 668.00 | OK |
Version: 1.4.7
Check: installed package size
Result: NOTE
installed size is 26.4Mb
sub-directories of 1Mb or more:
R 1.1Mb
libs 24.9Mb
Flavors: r-release-macos-arm64, r-release-macos-x86_64, r-oldrel-macos-arm64, r-oldrel-macos-x86_64