Last updated on 2024-05-08 00:49:58 CEST.
Flavor | Version | Tinstall | Tcheck | Ttotal | Status | Flags |
---|---|---|---|---|---|---|
r-devel-linux-x86_64-debian-clang | 1.4.3 | 16.56 | 131.94 | 148.50 | OK | |
r-devel-linux-x86_64-debian-gcc | 1.4.3 | 13.06 | 98.95 | 112.01 | OK | |
r-devel-linux-x86_64-fedora-clang | 1.4.3 | 178.61 | NOTE | |||
r-devel-linux-x86_64-fedora-gcc | 1.4.3 | 280.20 | NOTE | |||
r-devel-windows-x86_64 | 1.4.3 | 21.00 | 118.00 | 139.00 | OK | |
r-patched-linux-x86_64 | 1.4.3 | 15.50 | 121.21 | 136.71 | OK | |
r-release-linux-x86_64 | 1.4.3 | 17.23 | 121.54 | 138.77 | OK | |
r-release-macos-arm64 | 1.4.3 | 56.00 | OK | |||
r-release-windows-x86_64 | 1.4.3 | 21.00 | 118.00 | 139.00 | OK | |
r-oldrel-macos-arm64 | 1.4.3 | 61.00 | OK | |||
r-oldrel-macos-x86_64 | 1.4.3 | 90.00 | OK | |||
r-oldrel-windows-x86_64 | 1.4.3 | 25.00 | 142.00 | 167.00 | OK |
Version: 1.4.3
Check: compiled code
Result: NOTE
File ‘RTextTools/libs/RTextTools.so’:
Found no calls to: ‘R_registerRoutines’, ‘R_useDynamicSymbols’
It is good practice to register native routines and to disable symbol
search.
See ‘Writing portable packages’ in the ‘Writing R Extensions’ manual.
Flavors: r-devel-linux-x86_64-fedora-clang, r-devel-linux-x86_64-fedora-gcc