Last updated on 2024-05-07 01:53:25 CEST.
Flavor | Version | Tinstall | Tcheck | Ttotal | Status | Flags |
---|---|---|---|---|---|---|
r-devel-linux-x86_64-debian-clang | 0.7.10 | 35.39 | 229.75 | 265.14 | NOTE | |
r-devel-linux-x86_64-debian-gcc | 0.7.10 | 25.68 | 162.55 | 188.23 | NOTE | |
r-devel-linux-x86_64-fedora-clang | 0.7.10 | 339.88 | NOTE | |||
r-devel-linux-x86_64-fedora-gcc | 0.7.10 | 403.72 | NOTE | |||
r-devel-windows-x86_64 | 0.7.10 | 32.00 | 242.00 | 274.00 | NOTE | |
r-patched-linux-x86_64 | 0.7.10 | 44.61 | 219.12 | 263.73 | NOTE | |
r-release-linux-x86_64 | 0.7.10 | 29.70 | 214.13 | 243.83 | NOTE | |
r-release-macos-arm64 | 0.7.10 | 119.00 | NOTE | |||
r-release-windows-x86_64 | 0.7.10 | 33.00 | 248.00 | 281.00 | NOTE | |
r-oldrel-macos-arm64 | 0.7.10 | 86.00 | NOTE | |||
r-oldrel-macos-x86_64 | 0.7.10 | 142.00 | NOTE | |||
r-oldrel-windows-x86_64 | 0.7.10 | 30.00 | 203.00 | 233.00 | NOTE |
Version: 0.7.10
Check: package dependencies
Result: NOTE
Package suggested but not available for checking: ‘ROpenOffice’
Flavors: r-devel-linux-x86_64-debian-clang, r-devel-linux-x86_64-debian-gcc, r-devel-linux-x86_64-fedora-clang, r-devel-linux-x86_64-fedora-gcc, r-devel-windows-x86_64, r-patched-linux-x86_64, r-release-linux-x86_64, r-release-macos-arm64, r-release-windows-x86_64, r-oldrel-macos-arm64, r-oldrel-macos-x86_64, r-oldrel-windows-x86_64
Version: 0.7.10
Check: Rd files
Result: NOTE
checkRd: (-1) plotCorpusCa.rd:53: Lost braces in \itemize; meant \describe ?
checkRd: (-1) plotCorpusCa.rd:56: Lost braces in \itemize; meant \describe ?
checkRd: (-1) plotCorpusCa.rd:59: Lost braces in \itemize; meant \describe ?
checkRd: (-1) plotCorpusCa.rd:62: Lost braces in \itemize; meant \describe ?
checkRd: (-1) recodeTimeVarDlg.Rd:11-13: Lost braces in \itemize; meant \describe ?
checkRd: (-1) recodeTimeVarDlg.Rd:14-16: Lost braces in \itemize; meant \describe ?
checkRd: (-1) recodeTimeVarDlg.Rd:17-18: Lost braces in \itemize; meant \describe ?
checkRd: (-1) vocabularyTable.rd:46-47: Lost braces in \itemize; meant \describe ?
checkRd: (-1) vocabularyTable.rd:48-50: Lost braces in \itemize; meant \describe ?
checkRd: (-1) vocabularyTable.rd:55: Lost braces
55 | \seealso{\code{\link{vocabularyDlg}}, code{\link{DocumentTermMatrix}}, \code{\link{table}}, }
| ^
Flavors: r-devel-linux-x86_64-debian-clang, r-devel-linux-x86_64-debian-gcc, r-devel-linux-x86_64-fedora-clang, r-devel-linux-x86_64-fedora-gcc, r-devel-windows-x86_64, r-patched-linux-x86_64, r-release-linux-x86_64, r-release-macos-arm64, r-release-windows-x86_64