Last updated on 2024-05-07 12:56:22 CEST.
Flavor | Version | Tinstall | Tcheck | Ttotal | Status | Flags |
---|---|---|---|---|---|---|
r-devel-linux-x86_64-debian-clang | 0.1.3 | 56.14 | 29.06 | 85.20 | OK | |
r-devel-linux-x86_64-debian-gcc | 0.1.3 | 35.77 | 22.42 | 58.19 | OK | |
r-devel-linux-x86_64-fedora-clang | 0.1.3 | 128.30 | NOTE | |||
r-devel-linux-x86_64-fedora-gcc | 0.1.3 | 162.10 | OK | |||
r-devel-windows-x86_64 | 0.1.3 | 45.00 | 78.00 | 123.00 | OK | |
r-patched-linux-x86_64 | 0.1.3 | 43.42 | 27.40 | 70.82 | OK | |
r-release-linux-x86_64 | 0.1.3 | 47.68 | 28.04 | 75.72 | OK | |
r-release-macos-arm64 | 0.1.3 | 30.00 | OK | |||
r-release-windows-x86_64 | 0.1.3 | 43.00 | 79.00 | 122.00 | OK | |
r-oldrel-macos-arm64 | 0.1.3 | 35.00 | OK | |||
r-oldrel-macos-x86_64 | 0.1.3 | 47.00 | OK | |||
r-oldrel-windows-x86_64 | 0.1.3 | 54.00 | 120.00 | 174.00 | OK |
Version: 0.1.3
Check: Rd cross-references
Result: NOTE
Undeclared package ‘RcppExamples’ in Rd xrefs
Flavor: r-devel-linux-x86_64-fedora-clang