Last updated on 2024-07-18 01:55:40 CEST.
Flavor | Version | Tinstall | Tcheck | Ttotal | Status | Flags |
---|---|---|---|---|---|---|
r-devel-linux-x86_64-debian-clang | 0.1.7 | 69.76 | 49.71 | 119.47 | NOTE | |
r-devel-linux-x86_64-debian-gcc | 0.1.7 | 43.92 | 39.17 | 83.09 | NOTE | |
r-devel-linux-x86_64-fedora-clang | 0.1.7 | 162.04 | NOTE | |||
r-devel-linux-x86_64-fedora-gcc | 0.1.7 | 176.29 | NOTE | |||
r-devel-windows-x86_64 | 0.1.7 | 51.00 | 100.00 | 151.00 | NOTE | |
r-patched-linux-x86_64 | 0.1.7 | 46.57 | 48.50 | 95.07 | NOTE | |
r-release-linux-x86_64 | 0.1.7 | 46.23 | 48.84 | 95.07 | NOTE | |
r-release-macos-arm64 | 0.1.7 | 49.00 | NOTE | |||
r-release-macos-x86_64 | 0.1.7 | 59.00 | NOTE | |||
r-release-windows-x86_64 | 0.1.7 | 48.00 | 101.00 | 149.00 | NOTE | |
r-oldrel-macos-arm64 | 0.1.7 | 42.00 | NOTE | |||
r-oldrel-macos-x86_64 | 0.1.7 | 81.00 | NOTE | |||
r-oldrel-windows-x86_64 | 0.1.7 | 63.00 | 101.00 | 164.00 | NOTE |
Version: 0.1.7
Check: C++ specification
Result: NOTE
Specified C++11: please drop specification unless essential
Flavors: r-devel-linux-x86_64-debian-clang, r-devel-linux-x86_64-debian-gcc, r-devel-linux-x86_64-fedora-clang, r-devel-linux-x86_64-fedora-gcc, r-devel-windows-x86_64, r-patched-linux-x86_64, r-release-linux-x86_64, r-release-macos-arm64, r-release-macos-x86_64, r-release-windows-x86_64, r-oldrel-macos-arm64, r-oldrel-macos-x86_64, r-oldrel-windows-x86_64