Last updated on 2024-05-07 12:56:22 CEST.
Flavor | Version | Tinstall | Tcheck | Ttotal | Status | Flags |
---|---|---|---|---|---|---|
r-devel-linux-x86_64-debian-clang | 0.1.3 | 86.19 | 26.78 | 112.97 | NOTE | |
r-devel-linux-x86_64-debian-gcc | 0.1.3 | 71.21 | 24.67 | 95.88 | NOTE | |
r-devel-linux-x86_64-fedora-clang | 0.1.3 | 159.85 | NOTE | |||
r-devel-linux-x86_64-fedora-gcc | 0.1.3 | 219.76 | NOTE | |||
r-devel-windows-x86_64 | 0.1.3 | 75.00 | 77.00 | 152.00 | NOTE | |
r-patched-linux-x86_64 | 0.1.3 | 85.65 | 30.91 | 116.56 | NOTE | |
r-release-linux-x86_64 | 0.1.3 | 88.64 | 30.41 | 119.05 | NOTE | |
r-release-macos-arm64 | 0.1.3 | 34.00 | NOTE | |||
r-release-windows-x86_64 | 0.1.3 | 75.00 | 76.00 | 151.00 | NOTE | |
r-oldrel-macos-arm64 | 0.1.3 | 43.00 | NOTE | |||
r-oldrel-macos-x86_64 | 0.1.3 | 65.00 | NOTE | |||
r-oldrel-windows-x86_64 | 0.1.3 | 78.00 | 119.00 | 197.00 | NOTE |
Version: 0.1.3
Check: C++ specification
Result: NOTE
Specified C++11: please drop specification unless essential
Flavors: r-devel-linux-x86_64-debian-clang, r-devel-linux-x86_64-debian-gcc, r-devel-linux-x86_64-fedora-clang, r-devel-linux-x86_64-fedora-gcc, r-devel-windows-x86_64, r-patched-linux-x86_64, r-release-linux-x86_64, r-release-macos-arm64, r-release-windows-x86_64, r-oldrel-macos-arm64, r-oldrel-macos-x86_64, r-oldrel-windows-x86_64
Version: 0.1.3
Check: installed package size
Result: NOTE
installed size is 5.4Mb
sub-directories of 1Mb or more:
libs 4.6Mb
Flavor: r-oldrel-macos-arm64