Last updated on 2024-05-07 01:53:26 CEST.
Flavor | Version | Tinstall | Tcheck | Ttotal | Status | Flags |
---|---|---|---|---|---|---|
r-devel-linux-x86_64-debian-clang | 3.1.0 | 141.88 | 229.58 | 371.46 | OK | |
r-devel-linux-x86_64-debian-gcc | 3.1.0 | 108.70 | 165.25 | 273.95 | OK | |
r-devel-linux-x86_64-fedora-clang | 3.1.0 | 486.32 | NOTE | |||
r-devel-linux-x86_64-fedora-gcc | 3.1.0 | 562.72 | NOTE | |||
r-devel-windows-x86_64 | 3.1.0 | 109.00 | 203.00 | 312.00 | OK | |
r-patched-linux-x86_64 | 3.1.0 | 137.19 | 215.67 | 352.86 | OK | |
r-release-linux-x86_64 | 3.1.0 | 108.17 | 212.01 | 320.18 | OK | |
r-release-macos-arm64 | 3.1.0 | 113.00 | NOTE | |||
r-release-windows-x86_64 | 3.1.0 | 104.00 | 200.00 | 304.00 | OK | |
r-oldrel-macos-arm64 | 3.1.0 | 105.00 | NOTE | |||
r-oldrel-macos-x86_64 | 3.1.0 | 194.00 | NOTE | |||
r-oldrel-windows-x86_64 | 3.1.0 | 136.00 | 243.00 | 379.00 | OK |
Version: 3.1.0
Check: data for non-ASCII characters
Result: NOTE
Note: found 1 marked UTF-8 string
Flavors: r-devel-linux-x86_64-fedora-clang, r-devel-linux-x86_64-fedora-gcc
Version: 3.1.0
Check: installed package size
Result: NOTE
installed size is 7.6Mb
sub-directories of 1Mb or more:
libs 6.8Mb
Flavors: r-release-macos-arm64, r-oldrel-macos-arm64, r-oldrel-macos-x86_64