Last updated on 2024-07-13 12:48:26 CEST.
Flavor | Version | Tinstall | Tcheck | Ttotal | Status | Flags |
---|---|---|---|---|---|---|
r-devel-linux-x86_64-debian-clang | 0.3.0 | 12.53 | 212.22 | 224.75 | OK | |
r-devel-linux-x86_64-debian-gcc | 0.3.0 | 11.09 | 152.87 | 163.96 | OK | |
r-devel-linux-x86_64-fedora-clang | 0.3.0 | 290.12 | OK | |||
r-devel-linux-x86_64-fedora-gcc | 0.3.0 | 269.84 | OK | |||
r-devel-windows-x86_64 | 0.3.0 | 13.00 | 159.00 | 172.00 | NOTE | |
r-patched-linux-x86_64 | 0.3.0 | 14.54 | 197.87 | 212.41 | OK | |
r-release-linux-x86_64 | 0.3.0 | 8.89 | 202.57 | 211.46 | OK | |
r-release-macos-arm64 | 0.3.0 | 71.00 | OK | |||
r-release-macos-x86_64 | 0.3.0 | 146.00 | OK | |||
r-release-windows-x86_64 | 0.3.0 | 13.00 | 158.00 | 171.00 | OK | |
r-oldrel-macos-arm64 | 0.3.0 | 76.00 | OK | |||
r-oldrel-macos-x86_64 | 0.3.0 | 219.00 | OK | |||
r-oldrel-windows-x86_64 | 0.3.0 | 17.00 | 205.00 | 222.00 | OK |
Version: 0.3.0
Check: Rd cross-references
Result: NOTE
Found the following Rd file(s) with Rd \link{} targets missing package
anchors:
robincar_SL.Rd: SuperLearner, AIPW
Please provide package anchors for all Rd \link{} targets not in the
package itself and the base packages.
Flavor: r-devel-windows-x86_64