Last updated on 2024-05-08 00:50:00 CEST.
Flavor | Version | Tinstall | Tcheck | Ttotal | Status | Flags |
---|---|---|---|---|---|---|
r-devel-linux-x86_64-debian-clang | 0.2.9 | 61.20 | 607.66 | 668.86 | OK | |
r-devel-linux-x86_64-debian-gcc | 0.2.9 | 46.14 | 439.21 | 485.35 | OK | |
r-devel-linux-x86_64-fedora-clang | 0.2.9 | 894.51 | NOTE | |||
r-devel-linux-x86_64-fedora-gcc | 0.2.9 | 965.24 | OK | |||
r-devel-windows-x86_64 | 0.2.9 | 54.00 | 402.00 | 456.00 | OK | |
r-patched-linux-x86_64 | 0.2.9 | 61.30 | 582.99 | 644.29 | OK | |
r-release-linux-x86_64 | 0.2.9 | 58.52 | 573.55 | 632.07 | OK | |
r-release-macos-arm64 | 0.2.9 | 212.00 | OK | |||
r-release-windows-x86_64 | 0.2.9 | 51.00 | 407.00 | 458.00 | OK | |
r-oldrel-macos-arm64 | 0.2.9 | 235.00 | OK | |||
r-oldrel-macos-x86_64 | 0.2.9 | 490.00 | OK | |||
r-oldrel-windows-x86_64 | 0.2.9 | 72.00 | 578.00 | 650.00 | OK |
Version: 0.2.9
Check: package dependencies
Result: NOTE
Imports includes 24 non-default packages.
Importing from so many packages makes the package vulnerable to any of
them becoming unavailable. Move as many as possible to Suggests and
use conditionally.
Flavor: r-devel-linux-x86_64-fedora-clang