Last updated on 2024-05-08 00:49:59 CEST.
Flavor | Version | Tinstall | Tcheck | Ttotal | Status | Flags |
---|---|---|---|---|---|---|
r-devel-linux-x86_64-debian-clang | 1.5 | 14.46 | 65.94 | 80.40 | NOTE | |
r-devel-linux-x86_64-debian-gcc | 1.5 | 10.05 | 45.54 | 55.59 | NOTE | |
r-devel-linux-x86_64-fedora-clang | 1.5 | 97.16 | NOTE | |||
r-devel-linux-x86_64-fedora-gcc | 1.5 | 130.17 | NOTE | |||
r-devel-windows-x86_64 | 1.5 | 11.00 | 66.00 | 77.00 | NOTE | |
r-patched-linux-x86_64 | 1.5 | 11.34 | 59.40 | 70.74 | NOTE | |
r-release-linux-x86_64 | 1.5 | 11.41 | 63.05 | 74.46 | NOTE | |
r-release-macos-arm64 | 1.5 | 26.00 | NOTE | |||
r-release-windows-x86_64 | 1.5 | 9.00 | 64.00 | 73.00 | NOTE | |
r-oldrel-macos-arm64 | 1.5 | 31.00 | OK | |||
r-oldrel-macos-x86_64 | 1.5 | 56.00 | OK | |||
r-oldrel-windows-x86_64 | 1.5 | 12.00 | 75.00 | 87.00 | OK |
Version: 1.5
Check: Rd files
Result: NOTE
checkRd: (-1) changept.Rd:17-19: Lost braces in \itemize; meant \describe ?
checkRd: (-1) changept.Rd:20-21: Lost braces in \itemize; meant \describe ?
checkRd: (-1) changept.Rd:22: Lost braces in \itemize; meant \describe ?
Flavors: r-devel-linux-x86_64-debian-clang, r-devel-linux-x86_64-debian-gcc, r-devel-linux-x86_64-fedora-clang, r-devel-linux-x86_64-fedora-gcc, r-devel-windows-x86_64, r-patched-linux-x86_64, r-release-linux-x86_64, r-release-macos-arm64, r-release-windows-x86_64