Last updated on 2024-05-07 01:53:29 CEST.
Flavor | Version | Tinstall | Tcheck | Ttotal | Status | Flags |
---|---|---|---|---|---|---|
r-devel-linux-x86_64-debian-clang | 1.0.1 | 0.47 | 2.06 | 2.53 | ERROR | |
r-devel-linux-x86_64-debian-gcc | 1.0.1 | 23.08 | 203.24 | 226.32 | OK | |
r-devel-linux-x86_64-fedora-clang | 1.0.1 | 408.61 | OK | |||
r-devel-linux-x86_64-fedora-gcc | 1.0.1 | 461.54 | OK | |||
r-devel-windows-x86_64 | 1.0.1 | 27.00 | 198.00 | 225.00 | OK | |
r-patched-linux-x86_64 | 1.0.1 | 37.56 | 260.52 | 298.08 | OK | |
r-release-linux-x86_64 | 1.0.1 | 24.97 | 262.94 | 287.91 | OK | |
r-release-macos-arm64 | 1.0.1 | 107.00 | OK | |||
r-release-macos-x86_64 | 1.0.1 | 213.00 | OK | |||
r-release-windows-x86_64 | 1.0.1 | 27.00 | 199.00 | 226.00 | OK | |
r-oldrel-macos-arm64 | 1.0.1 | 115.00 | OK | |||
r-oldrel-macos-x86_64 | 1.0.1 | 205.00 | OK | |||
r-oldrel-windows-x86_64 | 1.0.1 | 36.00 | 248.00 | 284.00 | OK |
Version: 1.0.1
Check: package dependencies
Result: ERROR
Package required but not available: ‘globaltest’
See section ‘The DESCRIPTION file’ in the ‘Writing R Extensions’
manual.
Flavor: r-devel-linux-x86_64-debian-clang