Last updated on 2024-05-08 00:50:00 CEST.
Flavor | Version | Tinstall | Tcheck | Ttotal | Status | Flags |
---|---|---|---|---|---|---|
r-devel-linux-x86_64-debian-clang | 1.0.0 | 33.67 | 83.29 | 116.96 | NOTE | |
r-devel-linux-x86_64-debian-gcc | 1.0.0 | 31.02 | 61.49 | 92.51 | NOTE | |
r-devel-linux-x86_64-fedora-clang | 1.0.0 | 148.75 | NOTE | |||
r-devel-linux-x86_64-fedora-gcc | 1.0.0 | 193.70 | NOTE | |||
r-devel-windows-x86_64 | 1.0.0 | 35.00 | 88.00 | 123.00 | NOTE | |
r-patched-linux-x86_64 | 1.0.0 | 31.13 | 78.47 | 109.60 | NOTE | |
r-release-linux-x86_64 | 1.0.0 | 27.82 | 76.17 | 103.99 | NOTE | |
r-release-macos-arm64 | 1.0.0 | 57.00 | NOTE | |||
r-release-macos-x86_64 | 1.0.0 | 62.00 | NOTE | |||
r-release-windows-x86_64 | 1.0.0 | 37.00 | 88.00 | 125.00 | NOTE | |
r-oldrel-macos-arm64 | 1.0.0 | 58.00 | NOTE | |||
r-oldrel-macos-x86_64 | 1.0.0 | 73.00 | NOTE | |||
r-oldrel-windows-x86_64 | 1.0.0 | 38.00 | 99.00 | 137.00 | NOTE |
Version: 1.0.0
Check: package dependencies
Result: NOTE
Package suggested but not available for checking: ‘gridlayout’
Flavors: r-devel-linux-x86_64-debian-clang, r-devel-linux-x86_64-debian-gcc, r-devel-linux-x86_64-fedora-clang, r-devel-linux-x86_64-fedora-gcc, r-devel-windows-x86_64, r-patched-linux-x86_64, r-release-linux-x86_64, r-release-macos-arm64, r-release-macos-x86_64, r-release-windows-x86_64, r-oldrel-macos-arm64, r-oldrel-macos-x86_64, r-oldrel-windows-x86_64
Version: 1.0.0
Check: data for non-ASCII characters
Result: NOTE
Note: found 1562 marked UTF-8 strings
Flavors: r-devel-linux-x86_64-fedora-clang, r-devel-linux-x86_64-fedora-gcc
Version: 1.0.0
Check: installed package size
Result: NOTE
installed size is 5.4Mb
sub-directories of 1Mb or more:
data 4.8Mb
Flavors: r-release-macos-arm64, r-release-macos-x86_64, r-oldrel-macos-arm64, r-oldrel-macos-x86_64