Last updated on 2024-05-07 12:56:27 CEST.
Flavor | Version | Tinstall | Tcheck | Ttotal | Status | Flags |
---|---|---|---|---|---|---|
r-devel-linux-x86_64-debian-clang | 1.6.2 | 64.00 | 102.61 | 166.61 | OK | |
r-devel-linux-x86_64-debian-gcc | 1.6.2 | 47.02 | 76.77 | 123.79 | OK | |
r-devel-linux-x86_64-fedora-clang | 1.6.2 | 201.33 | NOTE | |||
r-devel-linux-x86_64-fedora-gcc | 1.6.2 | 270.52 | NOTE | |||
r-devel-windows-x86_64 | 1.6.2 | 42.00 | 107.00 | 149.00 | NOTE | |
r-patched-linux-x86_64 | 1.6.2 | 56.99 | 97.69 | 154.68 | OK | |
r-release-linux-x86_64 | 1.6.2 | 53.31 | 100.83 | 154.14 | OK | |
r-release-macos-arm64 | 1.6.2 | 57.00 | NOTE | |||
r-release-windows-x86_64 | 1.6.2 | 42.00 | 103.00 | 145.00 | NOTE | |
r-oldrel-macos-arm64 | 1.6.2 | 66.00 | NOTE | |||
r-oldrel-macos-x86_64 | 1.6.2 | 98.00 | NOTE | |||
r-oldrel-windows-x86_64 | 1.6.2 | 54.00 | 130.00 | 184.00 | NOTE |
Version: 1.6.2
Check: installed package size
Result: NOTE
installed size is 5.1Mb
sub-directories of 1Mb or more:
data 4.7Mb
Flavors: r-devel-linux-x86_64-fedora-clang, r-devel-windows-x86_64, r-release-macos-arm64, r-release-windows-x86_64, r-oldrel-macos-arm64, r-oldrel-macos-x86_64, r-oldrel-windows-x86_64
Version: 1.6.2
Check: dependencies in R code
Result: NOTE
Namespace in Imports field not imported from: ‘RcppEigen’
All declared Imports should be used.
Flavors: r-devel-linux-x86_64-fedora-clang, r-devel-linux-x86_64-fedora-gcc