Last updated on 2024-05-07 01:53:30 CEST.
Flavor | Version | Tinstall | Tcheck | Ttotal | Status | Flags |
---|---|---|---|---|---|---|
r-devel-linux-x86_64-debian-clang | 4.0 | 9.85 | 105.90 | 115.75 | OK | |
r-devel-linux-x86_64-debian-gcc | 4.0 | 8.42 | 79.77 | 88.19 | OK | |
r-devel-linux-x86_64-fedora-clang | 4.0 | 147.65 | NOTE | |||
r-devel-linux-x86_64-fedora-gcc | 4.0 | 193.64 | NOTE | |||
r-devel-windows-x86_64 | 4.0 | 13.00 | 94.00 | 107.00 | OK | |
r-patched-linux-x86_64 | 4.0 | 15.49 | 99.55 | 115.04 | OK | |
r-release-linux-x86_64 | 4.0 | 10.61 | 99.98 | 110.59 | OK | |
r-release-macos-arm64 | 4.0 | 50.00 | OK | |||
r-release-windows-x86_64 | 4.0 | 14.00 | 95.00 | 109.00 | OK | |
r-oldrel-macos-arm64 | 4.0 | 46.00 | OK | |||
r-oldrel-macos-x86_64 | 4.0 | 77.00 | OK | |||
r-oldrel-windows-x86_64 | 4.0 | 16.00 | 114.00 | 130.00 | OK |
Version: 4.0
Check: compiled code
Result: NOTE
File ‘SparseTSCGM/libs/SparseTSCGM.so’:
Found no calls to: ‘R_registerRoutines’, ‘R_useDynamicSymbols’
It is good practice to register native routines and to disable symbol
search.
See ‘Writing portable packages’ in the ‘Writing R Extensions’ manual.
Flavors: r-devel-linux-x86_64-fedora-clang, r-devel-linux-x86_64-fedora-gcc